{"id":362,"date":"2025-11-05T16:46:37","date_gmt":"2025-11-05T15:46:37","guid":{"rendered":"http:\/\/sudariumchristi.stage.bergwerk-it.de\/fantasia-e-realta\/fantasia-e-realta\/"},"modified":"2025-12-19T13:43:40","modified_gmt":"2025-12-19T12:43:40","slug":"fantasia-e-realta","status":"publish","type":"page","link":"https:\/\/www.sudariumchristi.com\/it\/fantasia-e-realta\/fantasia-e-realta\/","title":{"rendered":"Miti, saghe e leggende"},"content":{"rendered":"\t\t<div data-elementor-type=\"wp-page\" data-elementor-id=\"362\" class=\"elementor elementor-362 elementor-43\" data-elementor-post-type=\"page\">\n\t\t\t\t<div class=\"elementor-element elementor-element-a258485 e-flex e-con-boxed e-con e-parent\" data-id=\"a258485\" data-element_type=\"container\" data-e-type=\"container\">\n\t\t\t\t\t<div class=\"e-con-inner\">\n\t\t<div class=\"elementor-element elementor-element-68ba511 e-con-full e-flex e-con e-child\" data-id=\"68ba511\" data-element_type=\"container\" data-e-type=\"container\">\n\t\t\t\t<div class=\"elementor-element elementor-element-e3d2476 elementor-widget elementor-widget-text-editor\" data-id=\"e3d2476\" data-element_type=\"widget\" data-e-type=\"widget\" data-widget_type=\"text-editor.default\">\n\t\t\t\t\t\t\t\t\t<p class=\"txt1\"><b>Innumerevoli vie crucis<\/b> attestano la misericordia di Veronica, che porge a Ges\u00f9 in cammino verso il Golgota un velo perch\u00e9 possa detergere il sangue e il sudore dal Suo volto (i cui tratti rimangono impressi sul velo stesso). In realt\u00e0 si tratta di una leggenda nata solo nel XII\u00b0 secolo. Il nome \u201cVeronica\u201d (cio\u00e8 \u201cvera icona\u201d) deriva dalla fusione di due termini: il latino \u201cvera\u201d e il greco \u201ceikon\u201d. Un&#8217;allegoria, un simbolo che probabilmente fa riferimento alla donna citata in diversi vangeli (Berenice), quell&#8217;emorroissa che guarisce dopo aver toccato le vesti del Cristo.   <\/p><p class=\"txt1\">Tuttavia la conoscenza di un&#8217;immagine di Ges\u00f9 Cristo impressa su un velo fa parte dell&#8217;immaginario collettivo da molto pi\u00f9 tempo:<\/p><p class=\"txt1\">Secondo diverse leggende il <b>Re Abgar V\u00b0 di Edessa<\/b> (4 a.C. &#8211; 7 d.C. e 13 &#8211; 50 d.C.) pare aver ricevuto un velo raffigurante il volto di Cristo dalle mani di un messaggero \u2013 probabilmente Giuda Taddeo, un apostolo cugino di Ges\u00f9. Egli aveva chiesto un&#8217;immagine che lo aiutasse a guarire da una malattia. In un caso si afferma che l&#8217;immagine venne dipinta da un pittore (intorno al 400), in un altro (tra il 609 e il 726) che il ritratto, asciugandosi, apparve su un velo ripiegato in quattro (tetr\u00e1diplon) dopo che il pittore non era stato in grado di raffigurare Ges\u00f9. Le quattro pieghe sono riconoscibili anche sul Volto Santo di Manoppello.   <\/p><p class=\"txt1\">I racconti che hanno come protagonista il re Abgar forniscono alcune analogie con una precedente versione della leggenda sulla Veronica, secondo cui quest&#8217;ultima chiese a Ges\u00f9 un&#8217;immagine per favorire la <b>guarigione dell&#8217;imperatore Tiberio <\/b>(42 a.C. &#8211; 37 d.C.).<\/p><p class=\"txt1\">Il tema <b>dell&#8217;immagine generata asciugando il volto<\/b> si ritrova anche in una leggenda diffusasi tra il 284 e il 305 nella localit\u00e0 di Camulia, vicino a Edessa, all&#8217;epoca delle persecuzioni cristiane. Lo stesso tema \u00e8 trattato anche nelle cronache di Menfi risalenti al VI\u00b0 secolo.<\/p><p class=\"txt1\">Secondo un&#8217;altra leggenda, nata tra il 560 e il 574, una pagana trov\u00f2 l&#8217;immagine di Cristo dipinta su tela e immersa in una fonte. Non appena estratta la tela dall&#8217;acqua, si accorse che non era bagnata (esattamente come nel caso del bisso, di cui \u00e8 fatto il velo di Manoppello). Copr\u00ec cos\u00ec la tela con il suo mantello, su cui venne nuovamente impressa l&#8217;effige di Ges\u00f9. Evidentemente all&#8217;epoca si sapeva dell&#8217;esistenza di numerosi veli raffiguranti l&#8217;immagine di Cristo.   <\/p>\t\t\t\t\t\t\t\t<\/div>\n\t\t\t\t<\/div>\n\t\t<div class=\"elementor-element elementor-element-fe43aab e-con-full e-flex e-con e-child\" data-id=\"fe43aab\" data-element_type=\"container\" data-e-type=\"container\">\n\t\t\t\t<div class=\"elementor-element elementor-element-a1d4b56 elementor-widget elementor-widget-image\" data-id=\"a1d4b56\" data-element_type=\"widget\" data-e-type=\"widget\" data-widget_type=\"image.default\">\n\t\t\t\t\t\t\t\t\t\t\t\t<figure class=\"wp-caption\">\n\t\t\t\t\t\t\t\t\t\t<img decoding=\"async\" width=\"300\" height=\"150\" src=\"https:\/\/www.sudariumchristi.com\/wp-content\/uploads\/2025\/12\/via_dolorosa.jpg\" class=\"attachment-large size-large wp-image-1687\" alt=\"\" \/>\t\t\t\t\t\t\t\t\t\t\t<figcaption class=\"widget-image-caption wp-caption-text\">Gerusalemme, Via Dolorosa, VI.<\/figcaption>\n\t\t\t\t\t\t\t\t\t\t<\/figure>\n\t\t\t\t\t\t\t\t\t<\/div>\n\t\t\t\t<div class=\"elementor-element elementor-element-fc5dfb1 elementor-widget elementor-widget-image\" data-id=\"fc5dfb1\" data-element_type=\"widget\" data-e-type=\"widget\" data-widget_type=\"image.default\">\n\t\t\t\t\t\t\t\t\t\t\t\t<figure class=\"wp-caption\">\n\t\t\t\t\t\t\t\t\t\t<img fetchpriority=\"high\" decoding=\"async\" width=\"300\" height=\"200\" src=\"https:\/\/www.sudariumchristi.com\/wp-content\/uploads\/2025\/12\/mythen_1.jpg\" class=\"attachment-large size-large wp-image-1688\" alt=\"\" \/>\t\t\t\t\t\t\t\t\t\t\t<figcaption class=\"widget-image-caption wp-caption-text\">Il re Abgar V\u00b0, gobelin olandese, XV\u00b0 secolo<\/figcaption>\n\t\t\t\t\t\t\t\t\t\t<\/figure>\n\t\t\t\t\t\t\t\t\t<\/div>\n\t\t\t\t<div class=\"elementor-element elementor-element-9c8c7a4 elementor-widget elementor-widget-image\" data-id=\"9c8c7a4\" data-element_type=\"widget\" data-e-type=\"widget\" data-widget_type=\"image.default\">\n\t\t\t\t\t\t\t\t\t\t\t\t<figure class=\"wp-caption\">\n\t\t\t\t\t\t\t\t\t\t<img decoding=\"async\" width=\"300\" height=\"400\" src=\"https:\/\/www.sudariumchristi.com\/wp-content\/uploads\/2025\/12\/mythen_2.jpg\" class=\"attachment-large size-large wp-image-1689\" alt=\"\" srcset=\"https:\/\/www.sudariumchristi.com\/wp-content\/uploads\/2025\/12\/mythen_2.jpg 300w, https:\/\/www.sudariumchristi.com\/wp-content\/uploads\/2025\/12\/mythen_2-225x300.jpg 225w\" sizes=\"(max-width: 300px) 100vw, 300px\" \/>\t\t\t\t\t\t\t\t\t\t\t<figcaption class=\"widget-image-caption wp-caption-text\">Santa Veronica con il velo trasparente, Maestro di Fl\u00e9malle, 1430 circa<\/figcaption>\n\t\t\t\t\t\t\t\t\t\t<\/figure>\n\t\t\t\t\t\t\t\t\t<\/div>\n\t\t\t\t<div class=\"elementor-element elementor-element-0c068ff elementor-widget elementor-widget-image\" data-id=\"0c068ff\" data-element_type=\"widget\" data-e-type=\"widget\" data-widget_type=\"image.default\">\n\t\t\t\t\t\t\t\t\t\t\t\t<figure class=\"wp-caption\">\n\t\t\t\t\t\t\t\t\t\t<img loading=\"lazy\" decoding=\"async\" width=\"300\" height=\"249\" src=\"https:\/\/www.sudariumchristi.com\/wp-content\/uploads\/2025\/12\/mythen_3.jpg\" class=\"attachment-large size-large wp-image-1690\" alt=\"\" \/>\t\t\t\t\t\t\t\t\t\t\t<figcaption class=\"widget-image-caption wp-caption-text\">Epitaffio del tardo medioevo, Sant'Emmerano, Ratisbona<\/figcaption>\n\t\t\t\t\t\t\t\t\t\t<\/figure>\n\t\t\t\t\t\t\t\t\t<\/div>\n\t\t\t\t<\/div>\n\t\t\t\t\t<\/div>\n\t\t\t\t<\/div>\n\t\t\t\t<\/div>\n\t\t","protected":false},"excerpt":{"rendered":"<p>Innumerevoli vie crucis attestano la misericordia di Veronica, che porge a Ges\u00f9 in cammino verso il Golgota un velo perch\u00e9 possa detergere il sangue e il sudore dal Suo volto (i cui tratti rimangono impressi sul velo stesso). In realt\u00e0 si tratta di una leggenda nata solo nel XII\u00b0 secolo. Il nome \u201cVeronica\u201d (cio\u00e8 \u201cvera [&hellip;]<\/p>\n","protected":false},"author":1,"featured_media":0,"parent":346,"menu_order":0,"comment_status":"closed","ping_status":"closed","template":"","meta":{"footnotes":""},"class_list":["post-362","page","type-page","status-publish","hentry"],"_links":{"self":[{"href":"https:\/\/www.sudariumchristi.com\/it\/wp-json\/wp\/v2\/pages\/362","targetHints":{"allow":["GET"]}}],"collection":[{"href":"https:\/\/www.sudariumchristi.com\/it\/wp-json\/wp\/v2\/pages"}],"about":[{"href":"https:\/\/www.sudariumchristi.com\/it\/wp-json\/wp\/v2\/types\/page"}],"author":[{"embeddable":true,"href":"https:\/\/www.sudariumchristi.com\/it\/wp-json\/wp\/v2\/users\/1"}],"replies":[{"embeddable":true,"href":"https:\/\/www.sudariumchristi.com\/it\/wp-json\/wp\/v2\/comments?post=362"}],"version-history":[{"count":4,"href":"https:\/\/www.sudariumchristi.com\/it\/wp-json\/wp\/v2\/pages\/362\/revisions"}],"predecessor-version":[{"id":3688,"href":"https:\/\/www.sudariumchristi.com\/it\/wp-json\/wp\/v2\/pages\/362\/revisions\/3688"}],"up":[{"embeddable":true,"href":"https:\/\/www.sudariumchristi.com\/it\/wp-json\/wp\/v2\/pages\/346"}],"wp:attachment":[{"href":"https:\/\/www.sudariumchristi.com\/it\/wp-json\/wp\/v2\/media?parent=362"}],"curies":[{"name":"wp","href":"https:\/\/api.w.org\/{rel}","templated":true}]}}

<div data-elementor-type="wp-page" data-elementor-id="362" class="elementor elementor-362 elementor-43" data-elementor-post-type="page">
				<div class="elementor-element elementor-element-a258485 e-flex e-con-boxed e-con e-parent" data-id="a258485" data-element_type="container" data-e-type="container">
					<div class="e-con-inner">
		<div class="elementor-element elementor-element-68ba511 e-con-full e-flex e-con e-child" data-id="68ba511" data-element_type="container" data-e-type="container">
				<div class="elementor-element elementor-element-e3d2476 elementor-widget elementor-widget-text-editor" data-id="e3d2476" data-element_type="widget" data-e-type="widget" data-widget_type="text-editor.default">
									<p class="txt1"><b>Innumerevoli vie crucis</b> attestano la misericordia di Veronica, che porge a Gesù in cammino verso il Golgota un velo perché possa detergere il sangue e il sudore dal Suo volto (i cui tratti rimangono impressi sul velo stesso). In realtà si tratta di una leggenda nata solo nel XII° secolo. Il nome “Veronica” (cioè “vera icona”) deriva dalla fusione di due termini: il latino “vera” e il greco “eikon”. Un&#8217;allegoria, un simbolo che probabilmente fa riferimento alla donna citata in diversi vangeli (Berenice), quell&#8217;emorroissa che guarisce dopo aver toccato le vesti del Cristo.   </p><p class="txt1">Tuttavia la conoscenza di un&#8217;immagine di Gesù Cristo impressa su un velo fa parte dell&#8217;immaginario collettivo da molto più tempo:</p><p class="txt1">Secondo diverse leggende il <b>Re Abgar V° di Edessa</b> (4 a.C. &#8211; 7 d.C. e 13 &#8211; 50 d.C.) pare aver ricevuto un velo raffigurante il volto di Cristo dalle mani di un messaggero – probabilmente Giuda Taddeo, un apostolo cugino di Gesù. Egli aveva chiesto un&#8217;immagine che lo aiutasse a guarire da una malattia. In un caso si afferma che l&#8217;immagine venne dipinta da un pittore (intorno al 400), in un altro (tra il 609 e il 726) che il ritratto, asciugandosi, apparve su un velo ripiegato in quattro (tetrádiplon) dopo che il pittore non era stato in grado di raffigurare Gesù. Le quattro pieghe sono riconoscibili anche sul Volto Santo di Manoppello.   </p><p class="txt1">I racconti che hanno come protagonista il re Abgar forniscono alcune analogie con una precedente versione della leggenda sulla Veronica, secondo cui quest&#8217;ultima chiese a Gesù un&#8217;immagine per favorire la <b>guarigione dell&#8217;imperatore Tiberio </b>(42 a.C. &#8211; 37 d.C.).</p><p class="txt1">Il tema <b>dell&#8217;immagine generata asciugando il volto</b> si ritrova anche in una leggenda diffusasi tra il 284 e il 305 nella località di Camulia, vicino a Edessa, all&#8217;epoca delle persecuzioni cristiane. Lo stesso tema è trattato anche nelle cronache di Menfi risalenti al VI° secolo.</p><p class="txt1">Secondo un&#8217;altra leggenda, nata tra il 560 e il 574, una pagana trovò l&#8217;immagine di Cristo dipinta su tela e immersa in una fonte. Non appena estratta la tela dall&#8217;acqua, si accorse che non era bagnata (esattamente come nel caso del bisso, di cui è fatto il velo di Manoppello). Coprì così la tela con il suo mantello, su cui venne nuovamente impressa l&#8217;effige di Gesù. Evidentemente all&#8217;epoca si sapeva dell&#8217;esistenza di numerosi veli raffiguranti l&#8217;immagine di Cristo.   </p>								</div>
				</div>
		<div class="elementor-element elementor-element-fe43aab e-con-full e-flex e-con e-child" data-id="fe43aab" data-element_type="container" data-e-type="container">
				<div class="elementor-element elementor-element-a1d4b56 elementor-widget elementor-widget-image" data-id="a1d4b56" data-element_type="widget" data-e-type="widget" data-widget_type="image.default">
												<figure class="wp-caption">
										<img decoding="async" width="300" height="150" src="https://www.sudariumchristi.com/wp-content/uploads/2025/12/via_dolorosa.jpg" class="attachment-large size-large wp-image-1687" alt="" />											<figcaption class="widget-image-caption wp-caption-text">Gerusalemme, Via Dolorosa, VI.</figcaption>
										</figure>
									</div>
				<div class="elementor-element elementor-element-fc5dfb1 elementor-widget elementor-widget-image" data-id="fc5dfb1" data-element_type="widget" data-e-type="widget" data-widget_type="image.default">
												<figure class="wp-caption">
										<img fetchpriority="high" decoding="async" width="300" height="200" src="https://www.sudariumchristi.com/wp-content/uploads/2025/12/mythen_1.jpg" class="attachment-large size-large wp-image-1688" alt="" />											<figcaption class="widget-image-caption wp-caption-text">Il re Abgar V°, gobelin olandese, XV° secolo</figcaption>
										</figure>
									</div>
				<div class="elementor-element elementor-element-9c8c7a4 elementor-widget elementor-widget-image" data-id="9c8c7a4" data-element_type="widget" data-e-type="widget" data-widget_type="image.default">
												<figure class="wp-caption">
										<img decoding="async" width="300" height="400" src="https://www.sudariumchristi.com/wp-content/uploads/2025/12/mythen_2.jpg" class="attachment-large size-large wp-image-1689" alt="" srcset="https://www.sudariumchristi.com/wp-content/uploads/2025/12/mythen_2.jpg 300w, https://www.sudariumchristi.com/wp-content/uploads/2025/12/mythen_2-225x300.jpg 225w" sizes="(max-width: 300px) 100vw, 300px" />											<figcaption class="widget-image-caption wp-caption-text">Santa Veronica con il velo trasparente, Maestro di Flémalle, 1430 circa</figcaption>
										</figure>
									</div>
				<div class="elementor-element elementor-element-0c068ff elementor-widget elementor-widget-image" data-id="0c068ff" data-element_type="widget" data-e-type="widget" data-widget_type="image.default">
												<figure class="wp-caption">
										<img loading="lazy" decoding="async" width="300" height="249" src="https://www.sudariumchristi.com/wp-content/uploads/2025/12/mythen_3.jpg" class="attachment-large size-large wp-image-1690" alt="" />											<figcaption class="widget-image-caption wp-caption-text">Epitaffio del tardo medioevo, Sant'Emmerano, Ratisbona</figcaption>
										</figure>
									</div>
				</div>
					</div>
				</div>
				</div>

<p>Innumerevoli vie crucis attestano la misericordia di Veronica, che porge a Gesù in cammino verso il Golgota un velo perché possa detergere il sangue e il sudore dal Suo volto (i cui tratti rimangono impressi sul velo stesso). In realtà si tratta di una leggenda nata solo nel XII° secolo. Il nome “Veronica” (cioè “vera [&hellip;]</p>
