{"id":473,"date":"2025-11-05T16:51:55","date_gmt":"2025-11-05T15:51:55","guid":{"rendered":"http:\/\/sudariumchristi.stage.bergwerk-it.de\/informazioni-utili\/chi-siamo\/"},"modified":"2025-12-19T13:49:01","modified_gmt":"2025-12-19T12:49:01","slug":"chi-siamo","status":"publish","type":"page","link":"https:\/\/www.sudariumchristi.com\/it\/informazioni-utili\/chi-siamo\/","title":{"rendered":"Chi siamo"},"content":{"rendered":"\t\t<div data-elementor-type=\"wp-page\" data-elementor-id=\"473\" class=\"elementor elementor-473 elementor-69\" data-elementor-post-type=\"page\">\n\t\t\t\t<div class=\"elementor-element elementor-element-dc15603 e-flex e-con-boxed e-con e-parent\" data-id=\"dc15603\" data-element_type=\"container\" data-e-type=\"container\">\n\t\t\t\t\t<div class=\"e-con-inner\">\n\t\t<div class=\"elementor-element elementor-element-5afa650 e-con-full e-flex e-con e-child\" data-id=\"5afa650\" data-element_type=\"container\" data-e-type=\"container\">\n\t\t\t\t<div class=\"elementor-element elementor-element-9cf5555 elementor-widget__width-initial elementor-widget elementor-widget-image\" data-id=\"9cf5555\" data-element_type=\"widget\" data-e-type=\"widget\" data-widget_type=\"image.default\">\n\t\t\t\t\t\t\t\t\t\t\t\t\t\t\t<img decoding=\"async\" width=\"130\" height=\"100\" src=\"https:\/\/www.sudariumchristi.com\/wp-content\/uploads\/2025\/12\/kap.jpg\" class=\"attachment-large size-large wp-image-1475\" alt=\"\" \/>\t\t\t\t\t\t\t\t\t\t\t\t\t\t\t<\/div>\n\t\t\t\t<div class=\"elementor-element elementor-element-c2a5e25 elementor-widget elementor-widget-text-editor\" data-id=\"c2a5e25\" data-element_type=\"widget\" data-e-type=\"widget\" data-widget_type=\"text-editor.default\">\n\t\t\t\t\t\t\t\t\t<p><strong>Frati cappuccini.<\/strong><br>I Frati cappuccini sono i custodi del Volto Santo sin dal 1638.<\/p><p><a title=\"Venez et vous verrez !\" href=\"https:\/\/www.sudariumchristi.com\/it\/venite-e-vedrete\/\">Venez et vous verrez !<\/a><\/p>\t\t\t\t\t\t\t\t<\/div>\n\t\t\t\t<\/div>\n\t\t<div class=\"elementor-element elementor-element-edb2cd4 e-con-full e-flex e-con e-child\" data-id=\"edb2cd4\" data-element_type=\"container\" data-e-type=\"container\">\n\t\t\t\t<div class=\"elementor-element elementor-element-e8a6323 elementor-widget__width-initial elementor-widget elementor-widget-image\" data-id=\"e8a6323\" data-element_type=\"widget\" data-e-type=\"widget\" data-widget_type=\"image.default\">\n\t\t\t\t\t\t\t\t\t\t\t\t\t\t\t<img decoding=\"async\" width=\"130\" height=\"155\" src=\"https:\/\/www.sudariumchristi.com\/wp-content\/uploads\/2025\/12\/schloemer.jpg\" class=\"attachment-large size-large wp-image-1476\" alt=\"\" \/>\t\t\t\t\t\t\t\t\t\t\t\t\t\t\t<\/div>\n\t\t\t\t<div class=\"elementor-element elementor-element-59bd72a elementor-widget elementor-widget-text-editor\" data-id=\"59bd72a\" data-element_type=\"widget\" data-e-type=\"widget\" data-widget_type=\"text-editor.default\">\n\t\t\t\t\t\t\t\t\t<p><strong>Blandina Paschalis Schl\u00f6mer.<\/strong><br>Attraverso la tecnica della sovrapposizione, la suora trappista Blandina Paschalis Schl\u00f6mer \u00e8 riuscita a dimostrare che le immagini sul Volto Santo e la Sindone di Torino sono riconducibili a un&#8217;unica persona. Suor Blandina ha successivamente applicato questa tecnica, ottenendo lo stesso risultato, anche sulla Sindone di Oviedo. Dal 2003 Suor Blandina vive stabilmente a Manoppello.  <\/p><p><a title=\"de.wikipedia.org\/wiki\/Blandina_Paschalis_Schl\u00f6mer\" href=\"http:\/\/de.wikipedia.org\/wiki\/Blandina_Paschalis_Schl%C3%B6mer\">wikipedia.de<\/a><\/p>\t\t\t\t\t\t\t\t<\/div>\n\t\t\t\t<\/div>\n\t\t<div class=\"elementor-element elementor-element-c1f9a03 e-con-full e-flex e-con e-child\" data-id=\"c1f9a03\" data-element_type=\"container\" data-e-type=\"container\">\n\t\t\t\t<div class=\"elementor-element elementor-element-6068a63 elementor-widget__width-initial elementor-widget elementor-widget-image\" data-id=\"6068a63\" data-element_type=\"widget\" data-e-type=\"widget\" data-widget_type=\"image.default\">\n\t\t\t\t\t\t\t\t\t\t\t\t\t\t\t<img decoding=\"async\" width=\"130\" height=\"170\" src=\"https:\/\/www.sudariumchristi.com\/wp-content\/uploads\/2025\/12\/holy.jpg\" class=\"attachment-large size-large wp-image-1477\" alt=\"\" \/>\t\t\t\t\t\t\t\t\t\t\t\t\t\t\t<\/div>\n\t\t\t\t<div class=\"elementor-element elementor-element-bf1d3ee elementor-widget elementor-widget-text-editor\" data-id=\"bf1d3ee\" data-element_type=\"widget\" data-e-type=\"widget\" data-widget_type=\"text-editor.default\">\n\t\t\t\t\t\t\t\t\t<p><strong>Ancelle del Santissimo Sangue.<\/strong><br>Le Ancelle del Santissimo Sangue appartengono a una comunit\u00e0 cattolica dedita alle opere missionarie nel segno del mistero pasquale di cui \u00e8 espressione il Sangue di Cristo. Dal 2010 assistono i pellegrini in visita a Manoppello, collaborando anche ad attivit\u00e0 formative per bambini e giovani all&#8217;interno della parrocchia di San Nicola. <\/p><p><a title=\"www.blut-christi.de\" href=\"http:\/\/www.blut-christi.de\/\">www.blut-christi.de<\/a><\/p>\t\t\t\t\t\t\t\t<\/div>\n\t\t\t\t<\/div>\n\t\t<div class=\"elementor-element elementor-element-8fed47e e-con-full e-flex e-con e-child\" data-id=\"8fed47e\" data-element_type=\"container\" data-e-type=\"container\">\n\t\t\t\t<div class=\"elementor-element elementor-element-240aea2 elementor-widget__width-initial elementor-widget elementor-widget-image\" data-id=\"240aea2\" data-element_type=\"widget\" data-e-type=\"widget\" data-widget_type=\"image.default\">\n\t\t\t\t\t\t\t\t\t\t\t\t\t\t\t<img loading=\"lazy\" decoding=\"async\" width=\"130\" height=\"173\" src=\"https:\/\/www.sudariumchristi.com\/wp-content\/uploads\/2025\/12\/steiner.jpg\" class=\"attachment-large size-large wp-image-1478\" alt=\"\" \/>\t\t\t\t\t\t\t\t\t\t\t\t\t\t\t<\/div>\n\t\t\t\t<div class=\"elementor-element elementor-element-853deaf elementor-widget elementor-widget-text-editor\" data-id=\"853deaf\" data-element_type=\"widget\" data-e-type=\"widget\" data-widget_type=\"text-editor.default\">\n\t\t\t\t\t\t\t\t\t<p><strong>Petra-Maria Steiner.<\/strong><br>Suor Petra-Maria \u00e8 stata inviata a Manoppello dalla comunit\u00e0 &#8220;Vita Communis &#8211; Maria, Madre della Sacra Famiglia&#8221; di cui fa parte. Il suo compito \u00e8 guidare i pellegrini di madrelingua tedesca all&#8217;interno del &#8220;Santuario del Volto Santo&#8221; e soprattutto nei mesi invernali allestisce con moderne tecnologie una presentazione del Volto Santo presso i Comuni interessati. <\/p><p><a title=\"www.vitacommunis.de\" href=\"http:\/\/www.vitacommunis.de\/\">www.vitacommunis.de<\/a><\/p>\t\t\t\t\t\t\t\t<\/div>\n\t\t\t\t<\/div>\n\t\t\t\t\t<\/div>\n\t\t\t\t<\/div>\n\t\t\t\t<\/div>\n\t\t","protected":false},"excerpt":{"rendered":"<p>Frati cappuccini.I Frati cappuccini sono i custodi del Volto Santo sin dal 1638. Venez et vous verrez ! Blandina Paschalis Schl\u00f6mer.Attraverso la tecnica della sovrapposizione, la suora trappista Blandina Paschalis Schl\u00f6mer \u00e8 riuscita a dimostrare che le immagini sul Volto Santo e la Sindone di Torino sono riconducibili a un&#8217;unica persona. Suor Blandina ha successivamente [&hellip;]<\/p>\n","protected":false},"author":1,"featured_media":0,"parent":449,"menu_order":0,"comment_status":"closed","ping_status":"closed","template":"","meta":{"footnotes":""},"class_list":["post-473","page","type-page","status-publish","hentry"],"_links":{"self":[{"href":"https:\/\/www.sudariumchristi.com\/it\/wp-json\/wp\/v2\/pages\/473","targetHints":{"allow":["GET"]}}],"collection":[{"href":"https:\/\/www.sudariumchristi.com\/it\/wp-json\/wp\/v2\/pages"}],"about":[{"href":"https:\/\/www.sudariumchristi.com\/it\/wp-json\/wp\/v2\/types\/page"}],"author":[{"embeddable":true,"href":"https:\/\/www.sudariumchristi.com\/it\/wp-json\/wp\/v2\/users\/1"}],"replies":[{"embeddable":true,"href":"https:\/\/www.sudariumchristi.com\/it\/wp-json\/wp\/v2\/comments?post=473"}],"version-history":[{"count":6,"href":"https:\/\/www.sudariumchristi.com\/it\/wp-json\/wp\/v2\/pages\/473\/revisions"}],"predecessor-version":[{"id":3806,"href":"https:\/\/www.sudariumchristi.com\/it\/wp-json\/wp\/v2\/pages\/473\/revisions\/3806"}],"up":[{"embeddable":true,"href":"https:\/\/www.sudariumchristi.com\/it\/wp-json\/wp\/v2\/pages\/449"}],"wp:attachment":[{"href":"https:\/\/www.sudariumchristi.com\/it\/wp-json\/wp\/v2\/media?parent=473"}],"curies":[{"name":"wp","href":"https:\/\/api.w.org\/{rel}","templated":true}]}}

<div data-elementor-type="wp-page" data-elementor-id="473" class="elementor elementor-473 elementor-69" data-elementor-post-type="page">
				<div class="elementor-element elementor-element-dc15603 e-flex e-con-boxed e-con e-parent" data-id="dc15603" data-element_type="container" data-e-type="container">
					<div class="e-con-inner">
		<div class="elementor-element elementor-element-5afa650 e-con-full e-flex e-con e-child" data-id="5afa650" data-element_type="container" data-e-type="container">
				<div class="elementor-element elementor-element-9cf5555 elementor-widget__width-initial elementor-widget elementor-widget-image" data-id="9cf5555" data-element_type="widget" data-e-type="widget" data-widget_type="image.default">
															<img decoding="async" width="130" height="100" src="https://www.sudariumchristi.com/wp-content/uploads/2025/12/kap.jpg" class="attachment-large size-large wp-image-1475" alt="" />															</div>
				<div class="elementor-element elementor-element-c2a5e25 elementor-widget elementor-widget-text-editor" data-id="c2a5e25" data-element_type="widget" data-e-type="widget" data-widget_type="text-editor.default">
									<p><strong>Frati cappuccini.</strong><br>I Frati cappuccini sono i custodi del Volto Santo sin dal 1638.</p><p><a title="Venez et vous verrez !" href="https://www.sudariumchristi.com/it/venite-e-vedrete/">Venez et vous verrez !</a></p>								</div>
				</div>
		<div class="elementor-element elementor-element-edb2cd4 e-con-full e-flex e-con e-child" data-id="edb2cd4" data-element_type="container" data-e-type="container">
				<div class="elementor-element elementor-element-e8a6323 elementor-widget__width-initial elementor-widget elementor-widget-image" data-id="e8a6323" data-element_type="widget" data-e-type="widget" data-widget_type="image.default">
															<img decoding="async" width="130" height="155" src="https://www.sudariumchristi.com/wp-content/uploads/2025/12/schloemer.jpg" class="attachment-large size-large wp-image-1476" alt="" />															</div>
				<div class="elementor-element elementor-element-59bd72a elementor-widget elementor-widget-text-editor" data-id="59bd72a" data-element_type="widget" data-e-type="widget" data-widget_type="text-editor.default">
									<p><strong>Blandina Paschalis Schlömer.</strong><br>Attraverso la tecnica della sovrapposizione, la suora trappista Blandina Paschalis Schlömer è riuscita a dimostrare che le immagini sul Volto Santo e la Sindone di Torino sono riconducibili a un&#8217;unica persona. Suor Blandina ha successivamente applicato questa tecnica, ottenendo lo stesso risultato, anche sulla Sindone di Oviedo. Dal 2003 Suor Blandina vive stabilmente a Manoppello.  </p><p><a title="de.wikipedia.org/wiki/Blandina_Paschalis_Schlömer" href="http://de.wikipedia.org/wiki/Blandina_Paschalis_Schl%C3%B6mer">wikipedia.de</a></p>								</div>
				</div>
		<div class="elementor-element elementor-element-c1f9a03 e-con-full e-flex e-con e-child" data-id="c1f9a03" data-element_type="container" data-e-type="container">
				<div class="elementor-element elementor-element-6068a63 elementor-widget__width-initial elementor-widget elementor-widget-image" data-id="6068a63" data-element_type="widget" data-e-type="widget" data-widget_type="image.default">
															<img decoding="async" width="130" height="170" src="https://www.sudariumchristi.com/wp-content/uploads/2025/12/holy.jpg" class="attachment-large size-large wp-image-1477" alt="" />															</div>
				<div class="elementor-element elementor-element-bf1d3ee elementor-widget elementor-widget-text-editor" data-id="bf1d3ee" data-element_type="widget" data-e-type="widget" data-widget_type="text-editor.default">
									<p><strong>Ancelle del Santissimo Sangue.</strong><br>Le Ancelle del Santissimo Sangue appartengono a una comunità cattolica dedita alle opere missionarie nel segno del mistero pasquale di cui è espressione il Sangue di Cristo. Dal 2010 assistono i pellegrini in visita a Manoppello, collaborando anche ad attività formative per bambini e giovani all&#8217;interno della parrocchia di San Nicola. </p><p><a title="www.blut-christi.de" href="http://www.blut-christi.de/">www.blut-christi.de</a></p>								</div>
				</div>
		<div class="elementor-element elementor-element-8fed47e e-con-full e-flex e-con e-child" data-id="8fed47e" data-element_type="container" data-e-type="container">
				<div class="elementor-element elementor-element-240aea2 elementor-widget__width-initial elementor-widget elementor-widget-image" data-id="240aea2" data-element_type="widget" data-e-type="widget" data-widget_type="image.default">
															<img loading="lazy" decoding="async" width="130" height="173" src="https://www.sudariumchristi.com/wp-content/uploads/2025/12/steiner.jpg" class="attachment-large size-large wp-image-1478" alt="" />															</div>
				<div class="elementor-element elementor-element-853deaf elementor-widget elementor-widget-text-editor" data-id="853deaf" data-element_type="widget" data-e-type="widget" data-widget_type="text-editor.default">
									<p><strong>Petra-Maria Steiner.</strong><br>Suor Petra-Maria è stata inviata a Manoppello dalla comunità &#8220;Vita Communis &#8211; Maria, Madre della Sacra Famiglia&#8221; di cui fa parte. Il suo compito è guidare i pellegrini di madrelingua tedesca all&#8217;interno del &#8220;Santuario del Volto Santo&#8221; e soprattutto nei mesi invernali allestisce con moderne tecnologie una presentazione del Volto Santo presso i Comuni interessati. </p><p><a title="www.vitacommunis.de" href="http://www.vitacommunis.de/">www.vitacommunis.de</a></p>								</div>
				</div>
					</div>
				</div>
				</div>

<p>Frati cappuccini.I Frati cappuccini sono i custodi del Volto Santo sin dal 1638. Venez et vous verrez ! Blandina Paschalis Schlömer.Attraverso la tecnica della sovrapposizione, la suora trappista Blandina Paschalis Schlömer è riuscita a dimostrare che le immagini sul Volto Santo e la Sindone di Torino sono riconducibili a un&#8217;unica persona. Suor Blandina ha successivamente [&hellip;]</p>
