{"id":515,"date":"2025-11-05T14:32:31","date_gmt":"2025-11-05T13:32:31","guid":{"rendered":"http:\/\/sudariumchristi.stage.bergwerk-it.de\/impressum\/"},"modified":"2025-11-14T13:52:38","modified_gmt":"2025-11-14T12:52:38","slug":"impressum","status":"publish","type":"page","link":"https:\/\/www.sudariumchristi.com\/it\/impressum\/","title":{"rendered":"Impressum"},"content":{"rendered":"\n<p>Manfred Prosch<br\/>Bauernallee 23<br\/>19288 Ludwigslust<\/p>\n\n<p>Tel.: +49 3874 4240251<br\/>Fax: +49 3874 4240252<br\/>E-mail: info@sudariumchristi.com<\/p>\n\n<p>Fonti iconografiche:<br\/>Fotografie del Volto Santo: Blandina Paschalis Schl\u00f6mer,<br\/>Paul Badde, Prof. Andreas Resch, Dr. Raphaela Pallin<\/p>\n\n<p>Salvo diversa indicazione, le immagini sono di propriet\u00e0 di Blandina Paschalis Schl\u00f6mer, Paul Badde o Eva-Maria Proksch.<\/p>\n\n<p>Fonti:<br\/>Badde, Paul: Das G\u00f6ttliche Gesicht, M\u00fcnchen 2006<br\/>Badde, Paul: Das Grabtuch von Turin oder das Geheimnis der heiligen Bilder, M\u00fcnchen 2010<br\/>Badde, Paul: Maria von Guadalupe, Berlin 2004<br\/>Badde, Paul: Woher kommt Marias unsichtbarer Schleier, Die Welt, 25.12.10<br\/>Belting, Hans: Bild und Kult \u2013 Eine Geschichte des Bildes vor dem Zeitalter der Kunst, M\u00fcnchen 1991<br\/>Berger, Klaus: Jesusportrait sorgt f\u00fcr Aufsehen, Die Welt, 05.02.07<br\/>Frascadore, Antonio: Il Sacro Velo il Volto Santo di Manoppello, DVD 2010<br\/>Resch, Andreas: Das Antlitz Christi, Innsbruck 2006<br\/>The Human Face of God, Blagovest Media, 2010<br\/>Schl\u00f6mer, Blandina Paschalis: Jezus Chrystus swiadestwo jego calun\u00f3w, Radom 2009<br\/>Schl\u00f6mer, Blandina Paschalis und Basti, Lidia: Il Volto della Parola Ges\u00fa &#8211; Jesus das Gesicht des Wortes, Teramo 2010<br\/>http:\/\/www.alte-messe.de\/04_gewand.html<br\/>http:\/\/austria-catholica.blogspot.de\/2006\/02\/das-gnadenbild-von-absam-in-tirol_10.html<br\/>http:\/\/de.wikipedia.org<br\/>http:\/\/www.hall-wattens.at\/de\/das-gnadenbild-von-absam.html<br\/>http:\/\/kath-zdw.ch<br\/>http:\/\/www.mexiko-lexikon.de<br\/>http:\/\/www.virgendeguadalupe.org.mx<\/p>\n\n<p>Testi:<br\/>Blandina Paschalis Schl\u00f6mer, Astrid Schwarz,<br\/>Paul Badde, Eva-Maria Proksch<\/p>\n\n<p>Esclusione di responsabilit\u00e0:<br\/>La nostra offerta contiene link di collegamento a pagine web esterne di terzi sulle quali non siamo di esercitare alcun controllo. Per tale ragione decliniamo qualsiasi responsabilit\u00e0 nei confronti dei loro contenuti. Gli unici responsabili dei contenuti presenti nelle pagine di collegamento sono sempre ed esclusivamente i rispettivi offerenti o gestori di tali pagine. Al momento della creazione del link le pagine di collegamento sono state verificate in ordine alla possibile esistenza di infrazioni. All&#8217;epoca non sono stati rinvenuti contenuti illegali, tuttavia non \u00e8 possibile garantire un controllo permanente delle pagine linkate in assenza di concreti indizi di violazione della legge. Qualora venissimo a conoscenza di possibili infrazioni, provvederemo immediatamente a eliminare i link interessati.      <\/p>\n\n<p>Realizzazione:<br\/>Janner &amp; Sch\u00f6ne Medien GmbH, Schwerin<\/p>\n","protected":false},"excerpt":{"rendered":"<p>Manfred ProschBauernallee 2319288 Ludwigslust Tel.: +49 3874 4240251Fax: +49 3874 4240252E-mail: info@sudariumchristi.com Fonti iconografiche:Fotografie del Volto Santo: Blandina Paschalis Schl\u00f6mer,Paul Badde, Prof. Andreas Resch, Dr. Raphaela Pallin Salvo diversa indicazione, le immagini sono di propriet\u00e0 di Blandina Paschalis Schl\u00f6mer, Paul Badde o Eva-Maria Proksch. Fonti:Badde, Paul: Das G\u00f6ttliche Gesicht, M\u00fcnchen 2006Badde, Paul: Das Grabtuch von [&hellip;]<\/p>\n","protected":false},"author":1,"featured_media":0,"parent":0,"menu_order":0,"comment_status":"closed","ping_status":"closed","template":"","meta":{"footnotes":""},"class_list":["post-515","page","type-page","status-publish","hentry"],"_links":{"self":[{"href":"https:\/\/www.sudariumchristi.com\/it\/wp-json\/wp\/v2\/pages\/515","targetHints":{"allow":["GET"]}}],"collection":[{"href":"https:\/\/www.sudariumchristi.com\/it\/wp-json\/wp\/v2\/pages"}],"about":[{"href":"https:\/\/www.sudariumchristi.com\/it\/wp-json\/wp\/v2\/types\/page"}],"author":[{"embeddable":true,"href":"https:\/\/www.sudariumchristi.com\/it\/wp-json\/wp\/v2\/users\/1"}],"replies":[{"embeddable":true,"href":"https:\/\/www.sudariumchristi.com\/it\/wp-json\/wp\/v2\/comments?post=515"}],"version-history":[{"count":1,"href":"https:\/\/www.sudariumchristi.com\/it\/wp-json\/wp\/v2\/pages\/515\/revisions"}],"predecessor-version":[{"id":516,"href":"https:\/\/www.sudariumchristi.com\/it\/wp-json\/wp\/v2\/pages\/515\/revisions\/516"}],"wp:attachment":[{"href":"https:\/\/www.sudariumchristi.com\/it\/wp-json\/wp\/v2\/media?parent=515"}],"curies":[{"name":"wp","href":"https:\/\/api.w.org\/{rel}","templated":true}]}}

<p>Manfred Prosch<br/>Bauernallee 23<br/>19288 Ludwigslust</p>

<p>Tel.: +49 3874 4240251<br/>Fax: +49 3874 4240252<br/>E-mail: info@sudariumchristi.com</p>

<p>Fonti iconografiche:<br/>Fotografie del Volto Santo: Blandina Paschalis Schlömer,<br/>Paul Badde, Prof. Andreas Resch, Dr. Raphaela Pallin</p>

<p>Salvo diversa indicazione, le immagini sono di proprietà di Blandina Paschalis Schlömer, Paul Badde o Eva-Maria Proksch.</p>

<p>Fonti:<br/>Badde, Paul: Das Göttliche Gesicht, München 2006<br/>Badde, Paul: Das Grabtuch von Turin oder das Geheimnis der heiligen Bilder, München 2010<br/>Badde, Paul: Maria von Guadalupe, Berlin 2004<br/>Badde, Paul: Woher kommt Marias unsichtbarer Schleier, Die Welt, 25.12.10<br/>Belting, Hans: Bild und Kult – Eine Geschichte des Bildes vor dem Zeitalter der Kunst, München 1991<br/>Berger, Klaus: Jesusportrait sorgt für Aufsehen, Die Welt, 05.02.07<br/>Frascadore, Antonio: Il Sacro Velo il Volto Santo di Manoppello, DVD 2010<br/>Resch, Andreas: Das Antlitz Christi, Innsbruck 2006<br/>The Human Face of God, Blagovest Media, 2010<br/>Schlömer, Blandina Paschalis: Jezus Chrystus swiadestwo jego calunów, Radom 2009<br/>Schlömer, Blandina Paschalis und Basti, Lidia: Il Volto della Parola Gesú &#8211; Jesus das Gesicht des Wortes, Teramo 2010<br/>http://www.alte-messe.de/04_gewand.html<br/>http://austria-catholica.blogspot.de/2006/02/das-gnadenbild-von-absam-in-tirol_10.html<br/>http://de.wikipedia.org<br/>http://www.hall-wattens.at/de/das-gnadenbild-von-absam.html<br/>http://kath-zdw.ch<br/>http://www.mexiko-lexikon.de<br/>http://www.virgendeguadalupe.org.mx</p>

<p>Testi:<br/>Blandina Paschalis Schlömer, Astrid Schwarz,<br/>Paul Badde, Eva-Maria Proksch</p>

<p>Esclusione di responsabilità:<br/>La nostra offerta contiene link di collegamento a pagine web esterne di terzi sulle quali non siamo di esercitare alcun controllo. Per tale ragione decliniamo qualsiasi responsabilità nei confronti dei loro contenuti. Gli unici responsabili dei contenuti presenti nelle pagine di collegamento sono sempre ed esclusivamente i rispettivi offerenti o gestori di tali pagine. Al momento della creazione del link le pagine di collegamento sono state verificate in ordine alla possibile esistenza di infrazioni. All&#8217;epoca non sono stati rinvenuti contenuti illegali, tuttavia non è possibile garantire un controllo permanente delle pagine linkate in assenza di concreti indizi di violazione della legge. Qualora venissimo a conoscenza di possibili infrazioni, provvederemo immediatamente a eliminare i link interessati.      </p>

<p>Realizzazione:<br/>Janner &amp; Schöne Medien GmbH, Schwerin</p>

<p>Manfred ProschBauernallee 2319288 Ludwigslust Tel.: +49 3874 4240251Fax: +49 3874 4240252E-mail: info@sudariumchristi.com Fonti iconografiche:Fotografie del Volto Santo: Blandina Paschalis Schlömer,Paul Badde, Prof. Andreas Resch, Dr. Raphaela Pallin Salvo diversa indicazione, le immagini sono di proprietà di Blandina Paschalis Schlömer, Paul Badde o Eva-Maria Proksch. Fonti:Badde, Paul: Das Göttliche Gesicht, München 2006Badde, Paul: Das Grabtuch von [&hellip;]</p>
