{"id":474,"date":"2025-11-05T16:51:55","date_gmt":"2025-11-05T15:51:55","guid":{"rendered":"http:\/\/sudariumchristi.stage.bergwerk-it.de\/warto-wiedziec\/kto-jest-kim-w-manoppello\/"},"modified":"2025-12-19T13:49:01","modified_gmt":"2025-12-19T12:49:01","slug":"kto-jest-kim-w-manoppello","status":"publish","type":"page","link":"https:\/\/www.sudariumchristi.com\/pl\/warto-wiedziec\/kto-jest-kim-w-manoppello\/","title":{"rendered":"Kto jest kim w Manoppello"},"content":{"rendered":"\t\t<div data-elementor-type=\"wp-page\" data-elementor-id=\"474\" class=\"elementor elementor-474 elementor-69\" data-elementor-post-type=\"page\">\n\t\t\t\t<div class=\"elementor-element elementor-element-dc15603 e-flex e-con-boxed e-con e-parent\" data-id=\"dc15603\" data-element_type=\"container\" data-e-type=\"container\">\n\t\t\t\t\t<div class=\"e-con-inner\">\n\t\t<div class=\"elementor-element elementor-element-5afa650 e-con-full e-flex e-con e-child\" data-id=\"5afa650\" data-element_type=\"container\" data-e-type=\"container\">\n\t\t\t\t<div class=\"elementor-element elementor-element-9cf5555 elementor-widget__width-initial elementor-widget elementor-widget-image\" data-id=\"9cf5555\" data-element_type=\"widget\" data-e-type=\"widget\" data-widget_type=\"image.default\">\n\t\t\t\t\t\t\t\t\t\t\t\t\t\t\t<img decoding=\"async\" width=\"130\" height=\"100\" src=\"https:\/\/www.sudariumchristi.com\/wp-content\/uploads\/2025\/12\/kap.jpg\" class=\"attachment-large size-large wp-image-1480\" alt=\"\" \/>\t\t\t\t\t\t\t\t\t\t\t\t\t\t\t<\/div>\n\t\t\t\t<div class=\"elementor-element elementor-element-c2a5e25 elementor-widget elementor-widget-text-editor\" data-id=\"c2a5e25\" data-element_type=\"widget\" data-e-type=\"widget\" data-widget_type=\"text-editor.default\">\n\t\t\t\t\t\t\t\t\t<p><strong>Kapucyni.<\/strong><br>Sudarium znajduje si\u0119 od roku 1638 w posiadaniu Kapucyn\u00f3w.<\/p><p><a title=\"\u201eChod\u017acie i zobaczcie!\u201c\" href=\"https:\/\/www.sudariumchristi.com\/kommt-und-seht\/\">\u201eChod\u017acie i zobaczcie!\u201c<\/a><\/p>\t\t\t\t\t\t\t\t<\/div>\n\t\t\t\t<\/div>\n\t\t<div class=\"elementor-element elementor-element-edb2cd4 e-con-full e-flex e-con e-child\" data-id=\"edb2cd4\" data-element_type=\"container\" data-e-type=\"container\">\n\t\t\t\t<div class=\"elementor-element elementor-element-e8a6323 elementor-widget__width-initial elementor-widget elementor-widget-image\" data-id=\"e8a6323\" data-element_type=\"widget\" data-e-type=\"widget\" data-widget_type=\"image.default\">\n\t\t\t\t\t\t\t\t\t\t\t\t\t\t\t<img decoding=\"async\" width=\"130\" height=\"155\" src=\"https:\/\/www.sudariumchristi.com\/wp-content\/uploads\/2025\/12\/schloemer.jpg\" class=\"attachment-large size-large wp-image-1481\" alt=\"\" \/>\t\t\t\t\t\t\t\t\t\t\t\t\t\t\t<\/div>\n\t\t\t\t<div class=\"elementor-element elementor-element-59bd72a elementor-widget elementor-widget-text-editor\" data-id=\"59bd72a\" data-element_type=\"widget\" data-e-type=\"widget\" data-widget_type=\"text-editor.default\">\n\t\t\t\t\t\t\t\t\t<p><strong>Blandina Paschalis Schl\u00f6mer.<\/strong><br>Siostra Blandina Paschalis Schl\u00f6mer, niemiecka trapistka, farmaceutka i malarka ikon, odkry\u0142a zgodno\u015b\u0107 rys\u00f3w twarzy wizerunku na Sudarium i Ca\u0142unie Tury\u0144skim. Na podstawie punkt\u00f3w stycznych wykorzysta\u0142a technik\u0119 tzw. suprapozycji. Nak\u0142adaj\u0105c na siebie folie z obrazem twarzy z Manoppello oraz twarzy z Ca\u0142unu Tury\u0144skiego dzi\u0119ki ich zgodno\u015bci dowiod\u0142a, \u017ce na\u0142o\u017cone na siebie obrazy przedstawiaj\u0105 t\u0119 sam\u0105 osob\u0119. P\u00f3\u017aniej zastosowa\u0142a t\u0119 technik\u0119 z takim samym skutkiem do Chusty z Oviedo. Siostra Blandina od 2003 roku \u017cyje w Manoppello jako pustelniczka.  <\/p><p><a title=\"de.wikipedia.org\/wiki\/Blandina_Paschalis_Schl\u00f6mer\" href=\"http:\/\/de.wikipedia.org\/wiki\/Blandina_Paschalis_Schl%C3%B6mer\">wikipedia.de<\/a><\/p>\t\t\t\t\t\t\t\t<\/div>\n\t\t\t\t<\/div>\n\t\t<div class=\"elementor-element elementor-element-c1f9a03 e-con-full e-flex e-con e-child\" data-id=\"c1f9a03\" data-element_type=\"container\" data-e-type=\"container\">\n\t\t\t\t<div class=\"elementor-element elementor-element-6068a63 elementor-widget__width-initial elementor-widget elementor-widget-image\" data-id=\"6068a63\" data-element_type=\"widget\" data-e-type=\"widget\" data-widget_type=\"image.default\">\n\t\t\t\t\t\t\t\t\t\t\t\t\t\t\t<img decoding=\"async\" width=\"130\" height=\"170\" src=\"https:\/\/www.sudariumchristi.com\/wp-content\/uploads\/2025\/12\/holy.jpg\" class=\"attachment-large size-large wp-image-1482\" alt=\"\" \/>\t\t\t\t\t\t\t\t\t\t\t\t\t\t\t<\/div>\n\t\t\t\t<div class=\"elementor-element elementor-element-bf1d3ee elementor-widget elementor-widget-text-editor\" data-id=\"bf1d3ee\" data-element_type=\"widget\" data-e-type=\"widget\" data-widget_type=\"text-editor.default\">\n\t\t\t\t\t\t\t\t\t<p><strong>S\u0142u\u017cebnice Przenaj\u015bwi\u0119tszej Krwi.<\/strong><br>S\u0142u\u017cebnice Przenaj\u015bwi\u0119tszej Krwi s\u0105 katolick\u0105 wsp\u00f3lnot\u0105 zakonn\u0105, kt\u00f3ra prowadzi dzia\u0142ano\u015b\u0107 misyjn\u0105 pod znakiem Krwi Jezusa Chrystusa. Od 2010 r. zajmuj\u0105 si\u0119 opiek\u0105 nad pielgrzymami i w\u0142\u0105czaj\u0105 si\u0119 w prac\u0119 z dzie\u0107mi i m\u0142odzie\u017c\u0105 przy parafii \u015awi\u0119tego Miko\u0142aja w Manoppello. <\/p><p><a title=\"www.blut-christi.de\" href=\"http:\/\/www.blut-christi.de\/\">www.blut-christi.de<\/a><\/p>\t\t\t\t\t\t\t\t<\/div>\n\t\t\t\t<\/div>\n\t\t<div class=\"elementor-element elementor-element-8fed47e e-con-full e-flex e-con e-child\" data-id=\"8fed47e\" data-element_type=\"container\" data-e-type=\"container\">\n\t\t\t\t<div class=\"elementor-element elementor-element-240aea2 elementor-widget__width-initial elementor-widget elementor-widget-image\" data-id=\"240aea2\" data-element_type=\"widget\" data-e-type=\"widget\" data-widget_type=\"image.default\">\n\t\t\t\t\t\t\t\t\t\t\t\t\t\t\t<img loading=\"lazy\" decoding=\"async\" width=\"130\" height=\"173\" src=\"https:\/\/www.sudariumchristi.com\/wp-content\/uploads\/2025\/12\/steiner.jpg\" class=\"attachment-large size-large wp-image-1483\" alt=\"\" \/>\t\t\t\t\t\t\t\t\t\t\t\t\t\t\t<\/div>\n\t\t\t\t<div class=\"elementor-element elementor-element-853deaf elementor-widget elementor-widget-text-editor\" data-id=\"853deaf\" data-element_type=\"widget\" data-e-type=\"widget\" data-widget_type=\"text-editor.default\">\n\t\t\t\t\t\t\t\t\t<p><strong>Petra-Maria Steiner.<\/strong><br>Wsp\u00f3lnota \u201eVita Communis \u2013 Maria, Matka \u015awi\u0119tej Rodziny\u201c wydelegowa\u0142a siostr\u0119 Petr\u0119-Maria do Manoppello aby oprowadza\u0142a w \u201eBazylice \u015awi\u0119tego Oblicza\u201c niemieckoj\u0119zycznych pielgrzym\u00f3w i opiekowa\u0142a si\u0119 na rzecz Fundacji Drezde\u0144skiej \u201eMusica Sacra Saxoniae\u201c ma\u0142ym domem go\u015bcinnym, Oaz\u0105 \u015awi\u0119tej Anny. W miesi\u0105cach zimowych prezentuje ona Sudarium przy u\u017cyciu nowoczesnej techniki w zainteresowanych wsp\u00f3lnotach poza Manoppello. <\/p><p><a title=\"www.vitacommunis.de\" href=\"http:\/\/www.vitacommunis.de\/\">www.vitacommunis.de<\/a><\/p>\t\t\t\t\t\t\t\t<\/div>\n\t\t\t\t<\/div>\n\t\t\t\t\t<\/div>\n\t\t\t\t<\/div>\n\t\t\t\t<\/div>\n\t\t","protected":false},"excerpt":{"rendered":"<p>Kapucyni.Sudarium znajduje si\u0119 od roku 1638 w posiadaniu Kapucyn\u00f3w. \u201eChod\u017acie i zobaczcie!\u201c Blandina Paschalis Schl\u00f6mer.Siostra Blandina Paschalis Schl\u00f6mer, niemiecka trapistka, farmaceutka i malarka ikon, odkry\u0142a zgodno\u015b\u0107 rys\u00f3w twarzy wizerunku na Sudarium i Ca\u0142unie Tury\u0144skim. Na podstawie punkt\u00f3w stycznych wykorzysta\u0142a technik\u0119 tzw. suprapozycji. Nak\u0142adaj\u0105c na siebie folie z obrazem twarzy z Manoppello oraz twarzy z Ca\u0142unu [&hellip;]<\/p>\n","protected":false},"author":1,"featured_media":0,"parent":450,"menu_order":0,"comment_status":"closed","ping_status":"closed","template":"","meta":{"footnotes":""},"class_list":["post-474","page","type-page","status-publish","hentry"],"_links":{"self":[{"href":"https:\/\/www.sudariumchristi.com\/pl\/wp-json\/wp\/v2\/pages\/474","targetHints":{"allow":["GET"]}}],"collection":[{"href":"https:\/\/www.sudariumchristi.com\/pl\/wp-json\/wp\/v2\/pages"}],"about":[{"href":"https:\/\/www.sudariumchristi.com\/pl\/wp-json\/wp\/v2\/types\/page"}],"author":[{"embeddable":true,"href":"https:\/\/www.sudariumchristi.com\/pl\/wp-json\/wp\/v2\/users\/1"}],"replies":[{"embeddable":true,"href":"https:\/\/www.sudariumchristi.com\/pl\/wp-json\/wp\/v2\/comments?post=474"}],"version-history":[{"count":4,"href":"https:\/\/www.sudariumchristi.com\/pl\/wp-json\/wp\/v2\/pages\/474\/revisions"}],"predecessor-version":[{"id":3807,"href":"https:\/\/www.sudariumchristi.com\/pl\/wp-json\/wp\/v2\/pages\/474\/revisions\/3807"}],"up":[{"embeddable":true,"href":"https:\/\/www.sudariumchristi.com\/pl\/wp-json\/wp\/v2\/pages\/450"}],"wp:attachment":[{"href":"https:\/\/www.sudariumchristi.com\/pl\/wp-json\/wp\/v2\/media?parent=474"}],"curies":[{"name":"wp","href":"https:\/\/api.w.org\/{rel}","templated":true}]}}

<div data-elementor-type="wp-page" data-elementor-id="474" class="elementor elementor-474 elementor-69" data-elementor-post-type="page">
				<div class="elementor-element elementor-element-dc15603 e-flex e-con-boxed e-con e-parent" data-id="dc15603" data-element_type="container" data-e-type="container">
					<div class="e-con-inner">
		<div class="elementor-element elementor-element-5afa650 e-con-full e-flex e-con e-child" data-id="5afa650" data-element_type="container" data-e-type="container">
				<div class="elementor-element elementor-element-9cf5555 elementor-widget__width-initial elementor-widget elementor-widget-image" data-id="9cf5555" data-element_type="widget" data-e-type="widget" data-widget_type="image.default">
															<img decoding="async" width="130" height="100" src="https://www.sudariumchristi.com/wp-content/uploads/2025/12/kap.jpg" class="attachment-large size-large wp-image-1480" alt="" />															</div>
				<div class="elementor-element elementor-element-c2a5e25 elementor-widget elementor-widget-text-editor" data-id="c2a5e25" data-element_type="widget" data-e-type="widget" data-widget_type="text-editor.default">
									<p><strong>Kapucyni.</strong><br>Sudarium znajduje się od roku 1638 w posiadaniu Kapucynów.</p><p><a title="„Chodźcie i zobaczcie!“" href="https://www.sudariumchristi.com/kommt-und-seht/">„Chodźcie i zobaczcie!“</a></p>								</div>
				</div>
		<div class="elementor-element elementor-element-edb2cd4 e-con-full e-flex e-con e-child" data-id="edb2cd4" data-element_type="container" data-e-type="container">
				<div class="elementor-element elementor-element-e8a6323 elementor-widget__width-initial elementor-widget elementor-widget-image" data-id="e8a6323" data-element_type="widget" data-e-type="widget" data-widget_type="image.default">
															<img decoding="async" width="130" height="155" src="https://www.sudariumchristi.com/wp-content/uploads/2025/12/schloemer.jpg" class="attachment-large size-large wp-image-1481" alt="" />															</div>
				<div class="elementor-element elementor-element-59bd72a elementor-widget elementor-widget-text-editor" data-id="59bd72a" data-element_type="widget" data-e-type="widget" data-widget_type="text-editor.default">
									<p><strong>Blandina Paschalis Schlömer.</strong><br>Siostra Blandina Paschalis Schlömer, niemiecka trapistka, farmaceutka i malarka ikon, odkryła zgodność rysów twarzy wizerunku na Sudarium i Całunie Turyńskim. Na podstawie punktów stycznych wykorzystała technikę tzw. suprapozycji. Nakładając na siebie folie z obrazem twarzy z Manoppello oraz twarzy z Całunu Turyńskiego dzięki ich zgodności dowiodła, że nałożone na siebie obrazy przedstawiają tę samą osobę. Później zastosowała tę technikę z takim samym skutkiem do Chusty z Oviedo. Siostra Blandina od 2003 roku żyje w Manoppello jako pustelniczka.  </p><p><a title="de.wikipedia.org/wiki/Blandina_Paschalis_Schlömer" href="http://de.wikipedia.org/wiki/Blandina_Paschalis_Schl%C3%B6mer">wikipedia.de</a></p>								</div>
				</div>
		<div class="elementor-element elementor-element-c1f9a03 e-con-full e-flex e-con e-child" data-id="c1f9a03" data-element_type="container" data-e-type="container">
				<div class="elementor-element elementor-element-6068a63 elementor-widget__width-initial elementor-widget elementor-widget-image" data-id="6068a63" data-element_type="widget" data-e-type="widget" data-widget_type="image.default">
															<img decoding="async" width="130" height="170" src="https://www.sudariumchristi.com/wp-content/uploads/2025/12/holy.jpg" class="attachment-large size-large wp-image-1482" alt="" />															</div>
				<div class="elementor-element elementor-element-bf1d3ee elementor-widget elementor-widget-text-editor" data-id="bf1d3ee" data-element_type="widget" data-e-type="widget" data-widget_type="text-editor.default">
									<p><strong>Służebnice Przenajświętszej Krwi.</strong><br>Służebnice Przenajświętszej Krwi są katolicką wspólnotą zakonną, która prowadzi działaność misyjną pod znakiem Krwi Jezusa Chrystusa. Od 2010 r. zajmują się opieką nad pielgrzymami i włączają się w pracę z dziećmi i młodzieżą przy parafii Świętego Mikołaja w Manoppello. </p><p><a title="www.blut-christi.de" href="http://www.blut-christi.de/">www.blut-christi.de</a></p>								</div>
				</div>
		<div class="elementor-element elementor-element-8fed47e e-con-full e-flex e-con e-child" data-id="8fed47e" data-element_type="container" data-e-type="container">
				<div class="elementor-element elementor-element-240aea2 elementor-widget__width-initial elementor-widget elementor-widget-image" data-id="240aea2" data-element_type="widget" data-e-type="widget" data-widget_type="image.default">
															<img loading="lazy" decoding="async" width="130" height="173" src="https://www.sudariumchristi.com/wp-content/uploads/2025/12/steiner.jpg" class="attachment-large size-large wp-image-1483" alt="" />															</div>
				<div class="elementor-element elementor-element-853deaf elementor-widget elementor-widget-text-editor" data-id="853deaf" data-element_type="widget" data-e-type="widget" data-widget_type="text-editor.default">
									<p><strong>Petra-Maria Steiner.</strong><br>Wspólnota „Vita Communis – Maria, Matka Świętej Rodziny“ wydelegowała siostrę Petrę-Maria do Manoppello aby oprowadzała w „Bazylice Świętego Oblicza“ niemieckojęzycznych pielgrzymów i opiekowała się na rzecz Fundacji Drezdeńskiej „Musica Sacra Saxoniae“ małym domem gościnnym, Oazą Świętej Anny. W miesiącach zimowych prezentuje ona Sudarium przy użyciu nowoczesnej techniki w zainteresowanych wspólnotach poza Manoppello. </p><p><a title="www.vitacommunis.de" href="http://www.vitacommunis.de/">www.vitacommunis.de</a></p>								</div>
				</div>
					</div>
				</div>
				</div>

<p>Kapucyni.Sudarium znajduje się od roku 1638 w posiadaniu Kapucynów. „Chodźcie i zobaczcie!“ Blandina Paschalis Schlömer.Siostra Blandina Paschalis Schlömer, niemiecka trapistka, farmaceutka i malarka ikon, odkryła zgodność rysów twarzy wizerunku na Sudarium i Całunie Turyńskim. Na podstawie punktów stycznych wykorzystała technikę tzw. suprapozycji. Nakładając na siebie folie z obrazem twarzy z Manoppello oraz twarzy z Całunu [&hellip;]</p>
