{"id":332,"date":"2025-11-05T16:45:26","date_gmt":"2025-11-05T15:45:26","guid":{"rendered":"http:\/\/sudariumchristi.stage.bergwerk-it.de\/pinturas-frescos-e-icones\/"},"modified":"2025-12-19T13:42:36","modified_gmt":"2025-12-19T12:42:36","slug":"pinturas-frescos-e-icones","status":"publish","type":"page","link":"https:\/\/www.sudariumchristi.com\/pt-pt\/pinturas-frescos-e-icones\/","title":{"rendered":"Pinturas, frescos e \u00edcones"},"content":{"rendered":"\t\t<div data-elementor-type=\"wp-page\" data-elementor-id=\"332\" class=\"elementor elementor-332 elementor-35\" data-elementor-post-type=\"page\">\n\t\t\t\t<div class=\"elementor-element elementor-element-ec9d5da e-flex e-con-boxed e-con e-parent\" data-id=\"ec9d5da\" data-element_type=\"container\" data-e-type=\"container\">\n\t\t\t\t\t<div class=\"e-con-inner\">\n\t\t<div class=\"elementor-element elementor-element-710d013 e-con-full e-flex e-con e-child\" data-id=\"710d013\" data-element_type=\"container\" data-e-type=\"container\">\n\t\t\t\t<div class=\"elementor-element elementor-element-aff23a6 elementor-blockquote--skin-quotation elementor-blockquote--align-left elementor-widget elementor-widget-blockquote\" data-id=\"aff23a6\" data-element_type=\"widget\" data-e-type=\"widget\" data-widget_type=\"blockquote.default\">\n\t\t\t\t\t\t\t<blockquote class=\"elementor-blockquote\">\n\t\t\t<p class=\"elementor-blockquote__content\">\n\t\t\t\tA coisa mais bela do mundo:\numa face iluminada pelo Esp\u00edrito,\nonde habita a pureza de alma,\nonde reina a paz do c\u00e9u.\n<br><br>- Friedrich Gottlieb Klopstock (1724 - 1803)\t\t\t<\/p>\n\t\t\t\t\t<\/blockquote>\n\t\t\t\t\t\t<\/div>\n\t\t\t\t<div class=\"elementor-element elementor-element-a6c556d elementor-widget elementor-widget-text-editor\" data-id=\"a6c556d\" data-element_type=\"widget\" data-e-type=\"widget\" data-widget_type=\"text-editor.default\">\n\t\t\t\t\t\t\t\t\t<p class=\"txt1\"><b>\u00c9 apenas uma discreta mecha de cabelo<\/b> sobre a testa de Jesus Cristo que age como fio condutor da hist\u00f3ria e remete como modelo ao Sud\u00e1rio de Cristo de Manoppello. Os contornos difusos existentes no Sud\u00e1rio de Turim por si s\u00f3 n\u00e3o seriam adequados para uma reprodu\u00e7\u00e3o com tanta precis\u00e3o. <\/p><p class=\"txt1\"><b>Apesar da proibi\u00e7\u00e3o de imagens<\/b> no Antigo Testamento e da querela iconoclasta bizantina, prevaleceu a necessidade de os crist\u00e3os disporem de uma imagem de Deus. Andreas Resch, em 2005, no seu livro \u201cA Face de Cristo\u201d, revelou obras como o \u201cBom Pastor\u201d (Catacumba de Priscilla) como imagens ocultas de Cristo. Ele recorreu ao princ\u00edpio da sobreposi\u00e7\u00e3o, desenvolvido pela Irm\u00e3 Blandina, para demonstrar a coincid\u00eancia de diferentes sud\u00e1rios com as representa\u00e7\u00f5es protocrist\u00e3s existentes nas catacumbas de Roma e nos \u00edcones.  <\/p><p class=\"txt1\"><b>At\u00e9 ao s\u00e9culo XVII<\/b> numerosas obras de arte apresentavam as caracter\u00edsticas do v\u00e9u, assemelhavam-se-lhe de modo surpreendente como o Vera Icon que pode ver-se no Sud\u00e1rio do Mestre de Fl\u00e9malle (provavelmente 1375 &#8211; 1444). Neste tipo de representa\u00e7\u00f5es, que se orientam estritamente pelo original, s\u00e3o reproduzidos apenas o rosto e o cabelo \u2013 com ou sem pano. <\/p><p class=\"txt1\"><b>Sendo \u00edcone original, <\/b>o v\u00e9u serviu tanto no Oriente (Biz\u00e2ncio) como tamb\u00e9m no Ocidente para o desenvolvimento de um ideal de beleza divina sob perspetivas geom\u00e9tricas. Isto aplica-se n\u00e3o apenas a c\u00f3pias e modelos para \u00edcones, mas tamb\u00e9m para as cria\u00e7\u00f5es livremente inspiradas no Santo V\u00e9u. Numerosas representa\u00e7\u00f5es s\u00e3o marcadas pela \u00e9poca em que foram criadas, sendo aplicadas as regras correspondentes, tais como as da pintura de retratos. Recorre-se, por vezes, a um estilo de pintura mais antigo para conferir maior autenticidade ao retrato. Tamb\u00e9m a express\u00e3o do rosto reflete o papel atribu\u00eddo a Jesus Cristo.    <\/p><p class=\"txt1\">A representa\u00e7\u00e3o do Santo V\u00e9u \u00e9 muitas vezes integrada numa <b>narra\u00e7\u00e3o ilustrada.<\/b> A origem da rel\u00edquia, p. ex., \u00e9 explicada de diferentes modos pela introdu\u00e7\u00e3o de personagens que a t\u00eam na m\u00e3o. Se Ver\u00f3nica apresenta a imagem do sud\u00e1rio para venera\u00e7\u00e3o, a representa\u00e7\u00e3o da rel\u00edquia e a lenda s\u00e3o reunidas numa s\u00f3 imagem. Se a imagem de Cristo \u00e9 segura por anjos, \u00e9 real\u00e7ada a sua origem celestial. Tamb\u00e9m o facto de as dobras n\u00e3o se estenderem \u00e0 face de Jesus, ficando esta como que a flutuar diante do tecido, \u00e9 uma alus\u00e3o a uma origem sobrenatural.    <\/p>\t\t\t\t\t\t\t\t<\/div>\n\t\t\t\t<\/div>\n\t\t<div class=\"elementor-element elementor-element-797ddf0 e-con-full e-flex e-con e-child\" data-id=\"797ddf0\" data-element_type=\"container\" data-e-type=\"container\">\n\t\t\t\t<div class=\"elementor-element elementor-element-f30ddd2 elementor-widget elementor-widget-image\" data-id=\"f30ddd2\" data-element_type=\"widget\" data-e-type=\"widget\" data-widget_type=\"image.default\">\n\t\t\t\t\t\t\t\t\t\t\t\t\t\t\t<img fetchpriority=\"high\" decoding=\"async\" width=\"300\" height=\"352\" src=\"https:\/\/www.sudariumchristi.com\/wp-content\/uploads\/2025\/12\/ikonen.jpg\" class=\"attachment-large size-large wp-image-1993\" alt=\"\" srcset=\"https:\/\/www.sudariumchristi.com\/wp-content\/uploads\/2025\/12\/ikonen.jpg 300w, https:\/\/www.sudariumchristi.com\/wp-content\/uploads\/2025\/12\/ikonen-256x300.jpg 256w\" sizes=\"(max-width: 300px) 100vw, 300px\" \/>\t\t\t\t\t\t\t\t\t\t\t\t\t\t\t<\/div>\n\t\t\t\t<\/div>\n\t\t\t\t\t<\/div>\n\t\t\t\t<\/div>\n\t\t\t\t<\/div>\n\t\t","protected":false},"excerpt":{"rendered":"<p>A coisa mais bela do mundo: uma face iluminada pelo Esp\u00edrito, onde habita a pureza de alma, onde reina a paz do c\u00e9u. &#8211; Friedrich Gottlieb Klopstock (1724 &#8211; 1803) \u00c9 apenas uma discreta mecha de cabelo sobre a testa de Jesus Cristo que age como fio condutor da hist\u00f3ria e remete como modelo ao [&hellip;]<\/p>\n","protected":false},"author":1,"featured_media":0,"parent":0,"menu_order":0,"comment_status":"closed","ping_status":"closed","template":"","meta":{"footnotes":""},"class_list":["post-332","page","type-page","status-publish","hentry"],"_links":{"self":[{"href":"https:\/\/www.sudariumchristi.com\/pt-pt\/wp-json\/wp\/v2\/pages\/332","targetHints":{"allow":["GET"]}}],"collection":[{"href":"https:\/\/www.sudariumchristi.com\/pt-pt\/wp-json\/wp\/v2\/pages"}],"about":[{"href":"https:\/\/www.sudariumchristi.com\/pt-pt\/wp-json\/wp\/v2\/types\/page"}],"author":[{"embeddable":true,"href":"https:\/\/www.sudariumchristi.com\/pt-pt\/wp-json\/wp\/v2\/users\/1"}],"replies":[{"embeddable":true,"href":"https:\/\/www.sudariumchristi.com\/pt-pt\/wp-json\/wp\/v2\/comments?post=332"}],"version-history":[{"count":7,"href":"https:\/\/www.sudariumchristi.com\/pt-pt\/wp-json\/wp\/v2\/pages\/332\/revisions"}],"predecessor-version":[{"id":3657,"href":"https:\/\/www.sudariumchristi.com\/pt-pt\/wp-json\/wp\/v2\/pages\/332\/revisions\/3657"}],"wp:attachment":[{"href":"https:\/\/www.sudariumchristi.com\/pt-pt\/wp-json\/wp\/v2\/media?parent=332"}],"curies":[{"name":"wp","href":"https:\/\/api.w.org\/{rel}","templated":true}]}}

Pinturas, frescos e ícones

<div data-elementor-type="wp-page" data-elementor-id="332" class="elementor elementor-332 elementor-35" data-elementor-post-type="page">
				<div class="elementor-element elementor-element-ec9d5da e-flex e-con-boxed e-con e-parent" data-id="ec9d5da" data-element_type="container" data-e-type="container">
					<div class="e-con-inner">
		<div class="elementor-element elementor-element-710d013 e-con-full e-flex e-con e-child" data-id="710d013" data-element_type="container" data-e-type="container">
				<div class="elementor-element elementor-element-aff23a6 elementor-blockquote--skin-quotation elementor-blockquote--align-left elementor-widget elementor-widget-blockquote" data-id="aff23a6" data-element_type="widget" data-e-type="widget" data-widget_type="blockquote.default">
							<blockquote class="elementor-blockquote">
			<p class="elementor-blockquote__content">
				A coisa mais bela do mundo:
uma face iluminada pelo Espírito,
onde habita a pureza de alma,
onde reina a paz do céu.
<br><br>- Friedrich Gottlieb Klopstock (1724 - 1803)			</p>
					</blockquote>
						</div>
				<div class="elementor-element elementor-element-a6c556d elementor-widget elementor-widget-text-editor" data-id="a6c556d" data-element_type="widget" data-e-type="widget" data-widget_type="text-editor.default">
									<p class="txt1"><b>É apenas uma discreta mecha de cabelo</b> sobre a testa de Jesus Cristo que age como fio condutor da história e remete como modelo ao Sudário de Cristo de Manoppello. Os contornos difusos existentes no Sudário de Turim por si só não seriam adequados para uma reprodução com tanta precisão. </p><p class="txt1"><b>Apesar da proibição de imagens</b> no Antigo Testamento e da querela iconoclasta bizantina, prevaleceu a necessidade de os cristãos disporem de uma imagem de Deus. Andreas Resch, em 2005, no seu livro “A Face de Cristo”, revelou obras como o “Bom Pastor” (Catacumba de Priscilla) como imagens ocultas de Cristo. Ele recorreu ao princípio da sobreposição, desenvolvido pela Irmã Blandina, para demonstrar a coincidência de diferentes sudários com as representações protocristãs existentes nas catacumbas de Roma e nos ícones.  </p><p class="txt1"><b>Até ao século XVII</b> numerosas obras de arte apresentavam as características do véu, assemelhavam-se-lhe de modo surpreendente como o Vera Icon que pode ver-se no Sudário do Mestre de Flémalle (provavelmente 1375 &#8211; 1444). Neste tipo de representações, que se orientam estritamente pelo original, são reproduzidos apenas o rosto e o cabelo – com ou sem pano. </p><p class="txt1"><b>Sendo ícone original, </b>o véu serviu tanto no Oriente (Bizâncio) como também no Ocidente para o desenvolvimento de um ideal de beleza divina sob perspetivas geométricas. Isto aplica-se não apenas a cópias e modelos para ícones, mas também para as criações livremente inspiradas no Santo Véu. Numerosas representações são marcadas pela época em que foram criadas, sendo aplicadas as regras correspondentes, tais como as da pintura de retratos. Recorre-se, por vezes, a um estilo de pintura mais antigo para conferir maior autenticidade ao retrato. Também a expressão do rosto reflete o papel atribuído a Jesus Cristo.    </p><p class="txt1">A representação do Santo Véu é muitas vezes integrada numa <b>narração ilustrada.</b> A origem da relíquia, p. ex., é explicada de diferentes modos pela introdução de personagens que a têm na mão. Se Verónica apresenta a imagem do sudário para veneração, a representação da relíquia e a lenda são reunidas numa só imagem. Se a imagem de Cristo é segura por anjos, é realçada a sua origem celestial. Também o facto de as dobras não se estenderem à face de Jesus, ficando esta como que a flutuar diante do tecido, é uma alusão a uma origem sobrenatural.    </p>								</div>
				</div>
		<div class="elementor-element elementor-element-797ddf0 e-con-full e-flex e-con e-child" data-id="797ddf0" data-element_type="container" data-e-type="container">
				<div class="elementor-element elementor-element-f30ddd2 elementor-widget elementor-widget-image" data-id="f30ddd2" data-element_type="widget" data-e-type="widget" data-widget_type="image.default">
															<img fetchpriority="high" decoding="async" width="300" height="352" src="https://www.sudariumchristi.com/wp-content/uploads/2025/12/ikonen.jpg" class="attachment-large size-large wp-image-1993" alt="" srcset="https://www.sudariumchristi.com/wp-content/uploads/2025/12/ikonen.jpg 300w, https://www.sudariumchristi.com/wp-content/uploads/2025/12/ikonen-256x300.jpg 256w" sizes="(max-width: 300px) 100vw, 300px" />															</div>
				</div>
					</div>
				</div>
				</div>

<p>A coisa mais bela do mundo: uma face iluminada pelo Espírito, onde habita a pureza de alma, onde reina a paz do céu. &#8211; Friedrich Gottlieb Klopstock (1724 &#8211; 1803) É apenas uma discreta mecha de cabelo sobre a testa de Jesus Cristo que age como fio condutor da história e remete como modelo ao [&hellip;]</p>
