{"id":365,"date":"2025-11-05T16:46:37","date_gmt":"2025-11-05T15:46:37","guid":{"rendered":"http:\/\/sudariumchristi.stage.bergwerk-it.de\/poesia-e-veracidade\/mitos-sagas-e-lendas\/"},"modified":"2025-12-19T13:43:40","modified_gmt":"2025-12-19T12:43:40","slug":"mitos-sagas-e-lendas","status":"publish","type":"page","link":"https:\/\/www.sudariumchristi.com\/pt-pt\/poesia-e-veracidade\/mitos-sagas-e-lendas\/","title":{"rendered":"Mitos, sagas e lendas"},"content":{"rendered":"\t\t<div data-elementor-type=\"wp-page\" data-elementor-id=\"365\" class=\"elementor elementor-365 elementor-43\" data-elementor-post-type=\"page\">\n\t\t\t\t<div class=\"elementor-element elementor-element-a258485 e-flex e-con-boxed e-con e-parent\" data-id=\"a258485\" data-element_type=\"container\" data-e-type=\"container\">\n\t\t\t\t\t<div class=\"e-con-inner\">\n\t\t<div class=\"elementor-element elementor-element-68ba511 e-con-full e-flex e-con e-child\" data-id=\"68ba511\" data-element_type=\"container\" data-e-type=\"container\">\n\t\t\t\t<div class=\"elementor-element elementor-element-e3d2476 elementor-widget elementor-widget-text-editor\" data-id=\"e3d2476\" data-element_type=\"widget\" data-e-type=\"widget\" data-widget_type=\"text-editor.default\">\n\t\t\t\t\t\t\t\t\t<p class=\"txt1\"><b>Inumer\u00e1veis vias-sacras<\/b> testemunham a compaix\u00e3o de Ver\u00f3nica que, no caminho para o G\u00f3lgota, entregou um len\u00e7o a Jesus para Ele poder enxugar o sangue e o suor \u2013 os tra\u00e7os do seu rosto ficaram gravados nesse pano. Na verdade, trata-se de uma lenda que apenas surgiu no s\u00e9c. XII. O nome \u201cVer\u00f3nica\u201d \u00e9 composto pela palavra latina \u201cvera\u201d, que significa \u201caut\u00eantico\u201d, e a palavra grega \u201ceikon\u201d, que significa \u201cimagem\u201d. Uma alegoria, uma met\u00e1fora assente provavelmente na mulher (Berenike) mencionada nos diferentes Evangelhos, que fica curada das suas hemorragias ap\u00f3s tocar nas vestes de Jesus.   <\/p><p class=\"txt1\">No entanto, o conhecimento da exist\u00eancia de uma imagem de Jesus Cristo gravada num pano j\u00e1 muito antes fazia parte da mem\u00f3ria coletiva:<\/p><p class=\"txt1\">Segundo diferentes lendas, o <b>rei Abgar V de Edessa<\/b> (4 antes &#8211; 7 depois de Cristo e 13 &#8211; 50 depois de Cristo) recebeu um retrato de Cristo, atrav\u00e9s de um mensageiro \u2013 possivelmente S. Judas Tadeu, ap\u00f3stolo e primo de Jesus. Ele tinha pedido uma imagem para ser curado de uma doen\u00e7a. Num caso, diz-se que a imagem foi pintada por um pintor (cerca do ano 400), num outro caso (entre 609 e 726) \u00e9 descrito que o retrato surgiu ao secar-se sobre um pano dobrado em quatro (\u201ctetr\u00e1diplon\u201d), ap\u00f3s o pintor reconhecer n\u00e3o ter condi\u00e7\u00f5es para retratar Jesus. Tamb\u00e9m no Sud\u00e1rio de Manoppello se detectam quatro dobras.   <\/p><p class=\"txt1\">As lendas em redor do rei Agbar apresentam paralelismos com uma vers\u00e3o anterior da lenda da Ver\u00f3nica, onde Ver\u00f3nica pede a Jesus uma imagem, conseguindo assim a <b>cura do Imperador Tib\u00e9rio<\/b> (42 aC &#8211; 37 dC).<\/p><p class=\"txt1\">Tamb\u00e9m encontramos o motivo do <b>aparecimento por secagem<\/b> numa lenda que surgiu entre 284 e 305 em Cam\u00falia, pr\u00f3ximo de Edessa, no tempo da persegui\u00e7\u00e3o aos crist\u00e3os, bem como na narra\u00e7\u00e3o de Menfis do s\u00e9c. VI.<\/p><p class=\"txt1\">Numa lenda, que deve ter surgido entre 560 e 574, uma pag\u00e3 encontra numa fonte a imagem do Senhor pintada num pano de linho. Quando retirou o pano da \u00e1gua, este n\u00e3o estava molhado, o que acontece com o bisso com que \u00e9 feito o Sud\u00e1rio de Manoppello. Envolveu-o no seu manto, onde a imagem uma vez mais se reproduz. \u00c9 \u00f3bvio que nessa \u00e9poca era j\u00e1 sabido que existem v\u00e1rios panos com o retrato de Jesus Cristo.   <\/p>\t\t\t\t\t\t\t\t<\/div>\n\t\t\t\t<\/div>\n\t\t<div class=\"elementor-element elementor-element-fe43aab e-con-full e-flex e-con e-child\" data-id=\"fe43aab\" data-element_type=\"container\" data-e-type=\"container\">\n\t\t\t\t<div class=\"elementor-element elementor-element-a1d4b56 elementor-widget elementor-widget-image\" data-id=\"a1d4b56\" data-element_type=\"widget\" data-e-type=\"widget\" data-widget_type=\"image.default\">\n\t\t\t\t\t\t\t\t\t\t\t\t<figure class=\"wp-caption\">\n\t\t\t\t\t\t\t\t\t\t<img decoding=\"async\" width=\"300\" height=\"150\" src=\"https:\/\/www.sudariumchristi.com\/wp-content\/uploads\/2025\/12\/via_dolorosa.jpg\" class=\"attachment-large size-large wp-image-1723\" alt=\"\" \/>\t\t\t\t\t\t\t\t\t\t\t<figcaption class=\"widget-image-caption wp-caption-text\">Jerusal\u00e9m, Via Dolorosa, VI.<\/figcaption>\n\t\t\t\t\t\t\t\t\t\t<\/figure>\n\t\t\t\t\t\t\t\t\t<\/div>\n\t\t\t\t<div class=\"elementor-element elementor-element-fc5dfb1 elementor-widget elementor-widget-image\" data-id=\"fc5dfb1\" data-element_type=\"widget\" data-e-type=\"widget\" data-widget_type=\"image.default\">\n\t\t\t\t\t\t\t\t\t\t\t\t<figure class=\"wp-caption\">\n\t\t\t\t\t\t\t\t\t\t<img fetchpriority=\"high\" decoding=\"async\" width=\"300\" height=\"200\" src=\"https:\/\/www.sudariumchristi.com\/wp-content\/uploads\/2025\/12\/mythen_1.jpg\" class=\"attachment-large size-large wp-image-1724\" alt=\"\" \/>\t\t\t\t\t\t\t\t\t\t\t<figcaption class=\"widget-image-caption wp-caption-text\">Rei Abgar V, tapete holand\u00eas do s\u00e9c. XV<\/figcaption>\n\t\t\t\t\t\t\t\t\t\t<\/figure>\n\t\t\t\t\t\t\t\t\t<\/div>\n\t\t\t\t<div class=\"elementor-element elementor-element-9c8c7a4 elementor-widget elementor-widget-image\" data-id=\"9c8c7a4\" data-element_type=\"widget\" data-e-type=\"widget\" data-widget_type=\"image.default\">\n\t\t\t\t\t\t\t\t\t\t\t\t<figure class=\"wp-caption\">\n\t\t\t\t\t\t\t\t\t\t<img decoding=\"async\" width=\"300\" height=\"400\" src=\"https:\/\/www.sudariumchristi.com\/wp-content\/uploads\/2025\/12\/mythen_2.jpg\" class=\"attachment-large size-large wp-image-1725\" alt=\"\" srcset=\"https:\/\/www.sudariumchristi.com\/wp-content\/uploads\/2025\/12\/mythen_2.jpg 300w, https:\/\/www.sudariumchristi.com\/wp-content\/uploads\/2025\/12\/mythen_2-225x300.jpg 225w\" sizes=\"(max-width: 300px) 100vw, 300px\" \/>\t\t\t\t\t\t\t\t\t\t\t<figcaption class=\"widget-image-caption wp-caption-text\">Sud\u00e1rio do Mestre de Fl\u00e9malle, cerca de 1430<\/figcaption>\n\t\t\t\t\t\t\t\t\t\t<\/figure>\n\t\t\t\t\t\t\t\t\t<\/div>\n\t\t\t\t<div class=\"elementor-element elementor-element-0c068ff elementor-widget elementor-widget-image\" data-id=\"0c068ff\" data-element_type=\"widget\" data-e-type=\"widget\" data-widget_type=\"image.default\">\n\t\t\t\t\t\t\t\t\t\t\t\t<figure class=\"wp-caption\">\n\t\t\t\t\t\t\t\t\t\t<img loading=\"lazy\" decoding=\"async\" width=\"300\" height=\"249\" src=\"https:\/\/www.sudariumchristi.com\/wp-content\/uploads\/2025\/12\/mythen_3.jpg\" class=\"attachment-large size-large wp-image-1726\" alt=\"\" \/>\t\t\t\t\t\t\t\t\t\t\t<figcaption class=\"widget-image-caption wp-caption-text\">Epit\u00e1fio da Baixa Idade M\u00e9dia, Santo Emerano, Regensburg<\/figcaption>\n\t\t\t\t\t\t\t\t\t\t<\/figure>\n\t\t\t\t\t\t\t\t\t<\/div>\n\t\t\t\t<\/div>\n\t\t\t\t\t<\/div>\n\t\t\t\t<\/div>\n\t\t\t\t<\/div>\n\t\t","protected":false},"excerpt":{"rendered":"<p>Inumer\u00e1veis vias-sacras testemunham a compaix\u00e3o de Ver\u00f3nica que, no caminho para o G\u00f3lgota, entregou um len\u00e7o a Jesus para Ele poder enxugar o sangue e o suor \u2013 os tra\u00e7os do seu rosto ficaram gravados nesse pano. Na verdade, trata-se de uma lenda que apenas surgiu no s\u00e9c. XII. O nome \u201cVer\u00f3nica\u201d \u00e9 composto pela [&hellip;]<\/p>\n","protected":false},"author":1,"featured_media":0,"parent":348,"menu_order":0,"comment_status":"closed","ping_status":"closed","template":"","meta":{"footnotes":""},"class_list":["post-365","page","type-page","status-publish","hentry"],"_links":{"self":[{"href":"https:\/\/www.sudariumchristi.com\/pt-pt\/wp-json\/wp\/v2\/pages\/365","targetHints":{"allow":["GET"]}}],"collection":[{"href":"https:\/\/www.sudariumchristi.com\/pt-pt\/wp-json\/wp\/v2\/pages"}],"about":[{"href":"https:\/\/www.sudariumchristi.com\/pt-pt\/wp-json\/wp\/v2\/types\/page"}],"author":[{"embeddable":true,"href":"https:\/\/www.sudariumchristi.com\/pt-pt\/wp-json\/wp\/v2\/users\/1"}],"replies":[{"embeddable":true,"href":"https:\/\/www.sudariumchristi.com\/pt-pt\/wp-json\/wp\/v2\/comments?post=365"}],"version-history":[{"count":4,"href":"https:\/\/www.sudariumchristi.com\/pt-pt\/wp-json\/wp\/v2\/pages\/365\/revisions"}],"predecessor-version":[{"id":3690,"href":"https:\/\/www.sudariumchristi.com\/pt-pt\/wp-json\/wp\/v2\/pages\/365\/revisions\/3690"}],"up":[{"embeddable":true,"href":"https:\/\/www.sudariumchristi.com\/pt-pt\/wp-json\/wp\/v2\/pages\/348"}],"wp:attachment":[{"href":"https:\/\/www.sudariumchristi.com\/pt-pt\/wp-json\/wp\/v2\/media?parent=365"}],"curies":[{"name":"wp","href":"https:\/\/api.w.org\/{rel}","templated":true}]}}

<div data-elementor-type="wp-page" data-elementor-id="365" class="elementor elementor-365 elementor-43" data-elementor-post-type="page">
				<div class="elementor-element elementor-element-a258485 e-flex e-con-boxed e-con e-parent" data-id="a258485" data-element_type="container" data-e-type="container">
					<div class="e-con-inner">
		<div class="elementor-element elementor-element-68ba511 e-con-full e-flex e-con e-child" data-id="68ba511" data-element_type="container" data-e-type="container">
				<div class="elementor-element elementor-element-e3d2476 elementor-widget elementor-widget-text-editor" data-id="e3d2476" data-element_type="widget" data-e-type="widget" data-widget_type="text-editor.default">
									<p class="txt1"><b>Inumeráveis vias-sacras</b> testemunham a compaixão de Verónica que, no caminho para o Gólgota, entregou um lenço a Jesus para Ele poder enxugar o sangue e o suor – os traços do seu rosto ficaram gravados nesse pano. Na verdade, trata-se de uma lenda que apenas surgiu no séc. XII. O nome “Verónica” é composto pela palavra latina “vera”, que significa “autêntico”, e a palavra grega “eikon”, que significa “imagem”. Uma alegoria, uma metáfora assente provavelmente na mulher (Berenike) mencionada nos diferentes Evangelhos, que fica curada das suas hemorragias após tocar nas vestes de Jesus.   </p><p class="txt1">No entanto, o conhecimento da existência de uma imagem de Jesus Cristo gravada num pano já muito antes fazia parte da memória coletiva:</p><p class="txt1">Segundo diferentes lendas, o <b>rei Abgar V de Edessa</b> (4 antes &#8211; 7 depois de Cristo e 13 &#8211; 50 depois de Cristo) recebeu um retrato de Cristo, através de um mensageiro – possivelmente S. Judas Tadeu, apóstolo e primo de Jesus. Ele tinha pedido uma imagem para ser curado de uma doença. Num caso, diz-se que a imagem foi pintada por um pintor (cerca do ano 400), num outro caso (entre 609 e 726) é descrito que o retrato surgiu ao secar-se sobre um pano dobrado em quatro (“tetrádiplon”), após o pintor reconhecer não ter condições para retratar Jesus. Também no Sudário de Manoppello se detectam quatro dobras.   </p><p class="txt1">As lendas em redor do rei Agbar apresentam paralelismos com uma versão anterior da lenda da Verónica, onde Verónica pede a Jesus uma imagem, conseguindo assim a <b>cura do Imperador Tibério</b> (42 aC &#8211; 37 dC).</p><p class="txt1">Também encontramos o motivo do <b>aparecimento por secagem</b> numa lenda que surgiu entre 284 e 305 em Camúlia, próximo de Edessa, no tempo da perseguição aos cristãos, bem como na narração de Menfis do séc. VI.</p><p class="txt1">Numa lenda, que deve ter surgido entre 560 e 574, uma pagã encontra numa fonte a imagem do Senhor pintada num pano de linho. Quando retirou o pano da água, este não estava molhado, o que acontece com o bisso com que é feito o Sudário de Manoppello. Envolveu-o no seu manto, onde a imagem uma vez mais se reproduz. É óbvio que nessa época era já sabido que existem vários panos com o retrato de Jesus Cristo.   </p>								</div>
				</div>
		<div class="elementor-element elementor-element-fe43aab e-con-full e-flex e-con e-child" data-id="fe43aab" data-element_type="container" data-e-type="container">
				<div class="elementor-element elementor-element-a1d4b56 elementor-widget elementor-widget-image" data-id="a1d4b56" data-element_type="widget" data-e-type="widget" data-widget_type="image.default">
												<figure class="wp-caption">
										<img decoding="async" width="300" height="150" src="https://www.sudariumchristi.com/wp-content/uploads/2025/12/via_dolorosa.jpg" class="attachment-large size-large wp-image-1723" alt="" />											<figcaption class="widget-image-caption wp-caption-text">Jerusalém, Via Dolorosa, VI.</figcaption>
										</figure>
									</div>
				<div class="elementor-element elementor-element-fc5dfb1 elementor-widget elementor-widget-image" data-id="fc5dfb1" data-element_type="widget" data-e-type="widget" data-widget_type="image.default">
												<figure class="wp-caption">
										<img fetchpriority="high" decoding="async" width="300" height="200" src="https://www.sudariumchristi.com/wp-content/uploads/2025/12/mythen_1.jpg" class="attachment-large size-large wp-image-1724" alt="" />											<figcaption class="widget-image-caption wp-caption-text">Rei Abgar V, tapete holandês do séc. XV</figcaption>
										</figure>
									</div>
				<div class="elementor-element elementor-element-9c8c7a4 elementor-widget elementor-widget-image" data-id="9c8c7a4" data-element_type="widget" data-e-type="widget" data-widget_type="image.default">
												<figure class="wp-caption">
										<img decoding="async" width="300" height="400" src="https://www.sudariumchristi.com/wp-content/uploads/2025/12/mythen_2.jpg" class="attachment-large size-large wp-image-1725" alt="" srcset="https://www.sudariumchristi.com/wp-content/uploads/2025/12/mythen_2.jpg 300w, https://www.sudariumchristi.com/wp-content/uploads/2025/12/mythen_2-225x300.jpg 225w" sizes="(max-width: 300px) 100vw, 300px" />											<figcaption class="widget-image-caption wp-caption-text">Sudário do Mestre de Flémalle, cerca de 1430</figcaption>
										</figure>
									</div>
				<div class="elementor-element elementor-element-0c068ff elementor-widget elementor-widget-image" data-id="0c068ff" data-element_type="widget" data-e-type="widget" data-widget_type="image.default">
												<figure class="wp-caption">
										<img loading="lazy" decoding="async" width="300" height="249" src="https://www.sudariumchristi.com/wp-content/uploads/2025/12/mythen_3.jpg" class="attachment-large size-large wp-image-1726" alt="" />											<figcaption class="widget-image-caption wp-caption-text">Epitáfio da Baixa Idade Média, Santo Emerano, Regensburg</figcaption>
										</figure>
									</div>
				</div>
					</div>
				</div>
				</div>

<p>Inumeráveis vias-sacras testemunham a compaixão de Verónica que, no caminho para o Gólgota, entregou um lenço a Jesus para Ele poder enxugar o sangue e o suor – os traços do seu rosto ficaram gravados nesse pano. Na verdade, trata-se de uma lenda que apenas surgiu no séc. XII. O nome “Verónica” é composto pela [&hellip;]</p>
