{"id":476,"date":"2025-11-05T16:51:55","date_gmt":"2025-11-05T15:51:55","guid":{"rendered":"http:\/\/sudariumchristi.stage.bergwerk-it.de\/informatii-utile\/persoane-de-contact-in-manoppello\/"},"modified":"2025-12-19T13:49:01","modified_gmt":"2025-12-19T12:49:01","slug":"persoane-de-contact-in-manoppello","status":"publish","type":"page","link":"https:\/\/www.sudariumchristi.com\/ro\/informatii-utile\/persoane-de-contact-in-manoppello\/","title":{"rendered":"Persoane de contact \u00een Manoppello"},"content":{"rendered":"\t\t<div data-elementor-type=\"wp-page\" data-elementor-id=\"476\" class=\"elementor elementor-476 elementor-69\" data-elementor-post-type=\"page\">\n\t\t\t\t<div class=\"elementor-element elementor-element-dc15603 e-flex e-con-boxed e-con e-parent\" data-id=\"dc15603\" data-element_type=\"container\" data-e-type=\"container\">\n\t\t\t\t\t<div class=\"e-con-inner\">\n\t\t<div class=\"elementor-element elementor-element-5afa650 e-con-full e-flex e-con e-child\" data-id=\"5afa650\" data-element_type=\"container\" data-e-type=\"container\">\n\t\t\t\t<div class=\"elementor-element elementor-element-9cf5555 elementor-widget__width-initial elementor-widget elementor-widget-image\" data-id=\"9cf5555\" data-element_type=\"widget\" data-e-type=\"widget\" data-widget_type=\"image.default\">\n\t\t\t\t\t\t\t\t\t\t\t\t\t\t\t<img decoding=\"async\" width=\"130\" height=\"100\" src=\"https:\/\/www.sudariumchristi.com\/wp-content\/uploads\/2025\/12\/kap.jpg\" class=\"attachment-large size-large wp-image-1495\" alt=\"\" \/>\t\t\t\t\t\t\t\t\t\t\t\t\t\t\t<\/div>\n\t\t\t\t<div class=\"elementor-element elementor-element-c2a5e25 elementor-widget elementor-widget-text-editor\" data-id=\"c2a5e25\" data-element_type=\"widget\" data-e-type=\"widget\" data-widget_type=\"text-editor.default\">\n\t\t\t\t\t\t\t\t\t<p><strong>Monah capucin.<\/strong><br>\u00cencep\u00e2nd cu anul 1638, marama se afl\u0103 \u00een posesia monahilor capucini.<\/p><p><a title=\"\u201eVeni\u0163i de vede\u0163i!\u201c\" href=\"https:\/\/www.sudariumchristi.com\/kommt-und-seht\/\">\u201eVeni\u0163i de vede\u0163i!\u201c<\/a><\/p>\t\t\t\t\t\t\t\t<\/div>\n\t\t\t\t<\/div>\n\t\t<div class=\"elementor-element elementor-element-edb2cd4 e-con-full e-flex e-con e-child\" data-id=\"edb2cd4\" data-element_type=\"container\" data-e-type=\"container\">\n\t\t\t\t<div class=\"elementor-element elementor-element-e8a6323 elementor-widget__width-initial elementor-widget elementor-widget-image\" data-id=\"e8a6323\" data-element_type=\"widget\" data-e-type=\"widget\" data-widget_type=\"image.default\">\n\t\t\t\t\t\t\t\t\t\t\t\t\t\t\t<img decoding=\"async\" width=\"130\" height=\"155\" src=\"https:\/\/www.sudariumchristi.com\/wp-content\/uploads\/2025\/12\/schloemer.jpg\" class=\"attachment-large size-large wp-image-1496\" alt=\"\" \/>\t\t\t\t\t\t\t\t\t\t\t\t\t\t\t<\/div>\n\t\t\t\t<div class=\"elementor-element elementor-element-59bd72a elementor-widget elementor-widget-text-editor\" data-id=\"59bd72a\" data-element_type=\"widget\" data-e-type=\"widget\" data-widget_type=\"text-editor.default\">\n\t\t\t\t\t\t\t\t\t<p><strong>Blandina Paschalis Schl\u00f6mer.<\/strong><br>Pictor iconograf german, cu studii \u00een farmaceutic\u0103, sora Blandina, maic\u0103 a ordinului trapist, distinge pe cele dou\u0103 \u0163es\u0103turi asem\u0103n\u0103ri la nivelul fe\u0163ei. Prin intermediul unor puncte orientative, ea dezvolt\u0103 o tehnic\u0103 de juxtapunere, numit\u0103 Soprapostion, cu ajutorul c\u0103reia descoper\u0103 faptul c\u0103 pe ambele materiale se afl\u0103 chipul acelea\u015fi persoane. Mai t\u00e2rziu, folose\u015fte aceea\u015fi tehnic\u0103 pentru a analiza \u0163es\u0103tura de la Oviedo \u015fi ajunge la acelea\u015fi rezultate. Din 2003, sora Blandina tr\u0103ie\u015fte ca monah pustnic \u00een Manoppello.  <\/p><p><a title=\"de.wikipedia.org\/wiki\/Blandina_Paschalis_Schl\u00f6mer\" href=\"http:\/\/de.wikipedia.org\/wiki\/Blandina_Paschalis_Schl%C3%B6mer\">wikipedia.de<\/a><\/p>\t\t\t\t\t\t\t\t<\/div>\n\t\t\t\t<\/div>\n\t\t<div class=\"elementor-element elementor-element-c1f9a03 e-con-full e-flex e-con e-child\" data-id=\"c1f9a03\" data-element_type=\"container\" data-e-type=\"container\">\n\t\t\t\t<div class=\"elementor-element elementor-element-6068a63 elementor-widget__width-initial elementor-widget elementor-widget-image\" data-id=\"6068a63\" data-element_type=\"widget\" data-e-type=\"widget\" data-widget_type=\"image.default\">\n\t\t\t\t\t\t\t\t\t\t\t\t\t\t\t<img decoding=\"async\" width=\"130\" height=\"170\" src=\"https:\/\/www.sudariumchristi.com\/wp-content\/uploads\/2025\/12\/holy.jpg\" class=\"attachment-large size-large wp-image-1497\" alt=\"\" \/>\t\t\t\t\t\t\t\t\t\t\t\t\t\t\t<\/div>\n\t\t\t\t<div class=\"elementor-element elementor-element-bf1d3ee elementor-widget elementor-widget-text-editor\" data-id=\"bf1d3ee\" data-element_type=\"widget\" data-e-type=\"widget\" data-widget_type=\"text-editor.default\">\n\t\t\t\t\t\t\t\t\t<p><strong>Slujnicele Sf\u00e2ntului S\u00e2nge.<\/strong><br>Slujnicele Sf\u00e2ntului S\u00e2nge apar\u0163in unei comunit\u0103\u0163i catolice, care s\u0103v\u00e2r\u015fesc o frumoas\u0103 lucrare misionar\u0103 \u00een numele jertfei lui Iisus Hristos. \u00cencep\u00e2nd cu anul 2010, acestea se dedic\u0103 cu mare devotament primirii pelerinilor \u00een Manoppello, c\u00e2t \u015fi muncii cu copiii \u015fi cu tinerii din parohia Sf. Nicolae. <\/p><p><a title=\"www.blut-christi.de\" href=\"http:\/\/www.blut-christi.de\/\">www.blut-christi.de<\/a><\/p>\t\t\t\t\t\t\t\t<\/div>\n\t\t\t\t<\/div>\n\t\t<div class=\"elementor-element elementor-element-8fed47e e-con-full e-flex e-con e-child\" data-id=\"8fed47e\" data-element_type=\"container\" data-e-type=\"container\">\n\t\t\t\t<div class=\"elementor-element elementor-element-240aea2 elementor-widget__width-initial elementor-widget elementor-widget-image\" data-id=\"240aea2\" data-element_type=\"widget\" data-e-type=\"widget\" data-widget_type=\"image.default\">\n\t\t\t\t\t\t\t\t\t\t\t\t\t\t\t<img loading=\"lazy\" decoding=\"async\" width=\"130\" height=\"173\" src=\"https:\/\/www.sudariumchristi.com\/wp-content\/uploads\/2025\/12\/steiner.jpg\" class=\"attachment-large size-large wp-image-1498\" alt=\"\" \/>\t\t\t\t\t\t\t\t\t\t\t\t\t\t\t<\/div>\n\t\t\t\t<div class=\"elementor-element elementor-element-853deaf elementor-widget elementor-widget-text-editor\" data-id=\"853deaf\" data-element_type=\"widget\" data-e-type=\"widget\" data-widget_type=\"text-editor.default\">\n\t\t\t\t\t\t\t\t\t<p><strong>Petra-Maria Steiner.<\/strong><br>Sora Petra Maria Steiner tr\u0103ie\u015fte \u00een Manoppello \u015fi apar\u0163ine comunit\u0103\u0163ii \u201eVita Communis \u2013 Maria, Maica Sfintei Familii\u201c. Ea este ghid pentru pelerinii germani \u00een Biserica Sf. Chip dar \u00een acela\u015fi timp se ocup\u0103 \u015fi de o mic\u0103 pensiune (Oaza Sf. Anna), pentru funda\u0163ia \u201eMusica Sacra Saxoniae\u201c din Dresden. Pe timp de iarn\u0103, sora Petra Maria Steiner prezint\u0103 enoria\u015filor interesa\u0163i marama lui Iisus cu ajutorul tehnicii moderne. <\/p><p><a title=\"www.vitacommunis.de\" href=\"http:\/\/www.vitacommunis.de\/\">www.vitacommunis.de<\/a><\/p>\t\t\t\t\t\t\t\t<\/div>\n\t\t\t\t<\/div>\n\t\t\t\t\t<\/div>\n\t\t\t\t<\/div>\n\t\t\t\t<\/div>\n\t\t","protected":false},"excerpt":{"rendered":"<p>Monah capucin.\u00cencep\u00e2nd cu anul 1638, marama se afl\u0103 \u00een posesia monahilor capucini. \u201eVeni\u0163i de vede\u0163i!\u201c Blandina Paschalis Schl\u00f6mer.Pictor iconograf german, cu studii \u00een farmaceutic\u0103, sora Blandina, maic\u0103 a ordinului trapist, distinge pe cele dou\u0103 \u0163es\u0103turi asem\u0103n\u0103ri la nivelul fe\u0163ei. Prin intermediul unor puncte orientative, ea dezvolt\u0103 o tehnic\u0103 de juxtapunere, numit\u0103 Soprapostion, cu ajutorul c\u0103reia [&hellip;]<\/p>\n","protected":false},"author":1,"featured_media":0,"parent":452,"menu_order":0,"comment_status":"closed","ping_status":"closed","template":"","meta":{"footnotes":""},"class_list":["post-476","page","type-page","status-publish","hentry"],"_links":{"self":[{"href":"https:\/\/www.sudariumchristi.com\/ro\/wp-json\/wp\/v2\/pages\/476","targetHints":{"allow":["GET"]}}],"collection":[{"href":"https:\/\/www.sudariumchristi.com\/ro\/wp-json\/wp\/v2\/pages"}],"about":[{"href":"https:\/\/www.sudariumchristi.com\/ro\/wp-json\/wp\/v2\/types\/page"}],"author":[{"embeddable":true,"href":"https:\/\/www.sudariumchristi.com\/ro\/wp-json\/wp\/v2\/users\/1"}],"replies":[{"embeddable":true,"href":"https:\/\/www.sudariumchristi.com\/ro\/wp-json\/wp\/v2\/comments?post=476"}],"version-history":[{"count":4,"href":"https:\/\/www.sudariumchristi.com\/ro\/wp-json\/wp\/v2\/pages\/476\/revisions"}],"predecessor-version":[{"id":3809,"href":"https:\/\/www.sudariumchristi.com\/ro\/wp-json\/wp\/v2\/pages\/476\/revisions\/3809"}],"up":[{"embeddable":true,"href":"https:\/\/www.sudariumchristi.com\/ro\/wp-json\/wp\/v2\/pages\/452"}],"wp:attachment":[{"href":"https:\/\/www.sudariumchristi.com\/ro\/wp-json\/wp\/v2\/media?parent=476"}],"curies":[{"name":"wp","href":"https:\/\/api.w.org\/{rel}","templated":true}]}}

Persoane de contact în Manoppello

<div data-elementor-type="wp-page" data-elementor-id="476" class="elementor elementor-476 elementor-69" data-elementor-post-type="page">
				<div class="elementor-element elementor-element-dc15603 e-flex e-con-boxed e-con e-parent" data-id="dc15603" data-element_type="container" data-e-type="container">
					<div class="e-con-inner">
		<div class="elementor-element elementor-element-5afa650 e-con-full e-flex e-con e-child" data-id="5afa650" data-element_type="container" data-e-type="container">
				<div class="elementor-element elementor-element-9cf5555 elementor-widget__width-initial elementor-widget elementor-widget-image" data-id="9cf5555" data-element_type="widget" data-e-type="widget" data-widget_type="image.default">
															<img decoding="async" width="130" height="100" src="https://www.sudariumchristi.com/wp-content/uploads/2025/12/kap.jpg" class="attachment-large size-large wp-image-1495" alt="" />															</div>
				<div class="elementor-element elementor-element-c2a5e25 elementor-widget elementor-widget-text-editor" data-id="c2a5e25" data-element_type="widget" data-e-type="widget" data-widget_type="text-editor.default">
									<p><strong>Monah capucin.</strong><br>Începând cu anul 1638, marama se află în posesia monahilor capucini.</p><p><a title="„Veniţi de vedeţi!“" href="https://www.sudariumchristi.com/kommt-und-seht/">„Veniţi de vedeţi!“</a></p>								</div>
				</div>
		<div class="elementor-element elementor-element-edb2cd4 e-con-full e-flex e-con e-child" data-id="edb2cd4" data-element_type="container" data-e-type="container">
				<div class="elementor-element elementor-element-e8a6323 elementor-widget__width-initial elementor-widget elementor-widget-image" data-id="e8a6323" data-element_type="widget" data-e-type="widget" data-widget_type="image.default">
															<img decoding="async" width="130" height="155" src="https://www.sudariumchristi.com/wp-content/uploads/2025/12/schloemer.jpg" class="attachment-large size-large wp-image-1496" alt="" />															</div>
				<div class="elementor-element elementor-element-59bd72a elementor-widget elementor-widget-text-editor" data-id="59bd72a" data-element_type="widget" data-e-type="widget" data-widget_type="text-editor.default">
									<p><strong>Blandina Paschalis Schlömer.</strong><br>Pictor iconograf german, cu studii în farmaceutică, sora Blandina, maică a ordinului trapist, distinge pe cele două ţesături asemănări la nivelul feţei. Prin intermediul unor puncte orientative, ea dezvoltă o tehnică de juxtapunere, numită Soprapostion, cu ajutorul căreia descoperă faptul că pe ambele materiale se află chipul aceleaşi persoane. Mai târziu, foloseşte aceeaşi tehnică pentru a analiza ţesătura de la Oviedo şi ajunge la aceleaşi rezultate. Din 2003, sora Blandina trăieşte ca monah pustnic în Manoppello.  </p><p><a title="de.wikipedia.org/wiki/Blandina_Paschalis_Schlömer" href="http://de.wikipedia.org/wiki/Blandina_Paschalis_Schl%C3%B6mer">wikipedia.de</a></p>								</div>
				</div>
		<div class="elementor-element elementor-element-c1f9a03 e-con-full e-flex e-con e-child" data-id="c1f9a03" data-element_type="container" data-e-type="container">
				<div class="elementor-element elementor-element-6068a63 elementor-widget__width-initial elementor-widget elementor-widget-image" data-id="6068a63" data-element_type="widget" data-e-type="widget" data-widget_type="image.default">
															<img decoding="async" width="130" height="170" src="https://www.sudariumchristi.com/wp-content/uploads/2025/12/holy.jpg" class="attachment-large size-large wp-image-1497" alt="" />															</div>
				<div class="elementor-element elementor-element-bf1d3ee elementor-widget elementor-widget-text-editor" data-id="bf1d3ee" data-element_type="widget" data-e-type="widget" data-widget_type="text-editor.default">
									<p><strong>Slujnicele Sfântului Sânge.</strong><br>Slujnicele Sfântului Sânge aparţin unei comunităţi catolice, care săvârşesc o frumoasă lucrare misionară în numele jertfei lui Iisus Hristos. Începând cu anul 2010, acestea se dedică cu mare devotament primirii pelerinilor în Manoppello, cât şi muncii cu copiii şi cu tinerii din parohia Sf. Nicolae. </p><p><a title="www.blut-christi.de" href="http://www.blut-christi.de/">www.blut-christi.de</a></p>								</div>
				</div>
		<div class="elementor-element elementor-element-8fed47e e-con-full e-flex e-con e-child" data-id="8fed47e" data-element_type="container" data-e-type="container">
				<div class="elementor-element elementor-element-240aea2 elementor-widget__width-initial elementor-widget elementor-widget-image" data-id="240aea2" data-element_type="widget" data-e-type="widget" data-widget_type="image.default">
															<img loading="lazy" decoding="async" width="130" height="173" src="https://www.sudariumchristi.com/wp-content/uploads/2025/12/steiner.jpg" class="attachment-large size-large wp-image-1498" alt="" />															</div>
				<div class="elementor-element elementor-element-853deaf elementor-widget elementor-widget-text-editor" data-id="853deaf" data-element_type="widget" data-e-type="widget" data-widget_type="text-editor.default">
									<p><strong>Petra-Maria Steiner.</strong><br>Sora Petra Maria Steiner trăieşte în Manoppello şi aparţine comunităţii „Vita Communis – Maria, Maica Sfintei Familii“. Ea este ghid pentru pelerinii germani în Biserica Sf. Chip dar în acelaşi timp se ocupă şi de o mică pensiune (Oaza Sf. Anna), pentru fundaţia „Musica Sacra Saxoniae“ din Dresden. Pe timp de iarnă, sora Petra Maria Steiner prezintă enoriaşilor interesaţi marama lui Iisus cu ajutorul tehnicii moderne. </p><p><a title="www.vitacommunis.de" href="http://www.vitacommunis.de/">www.vitacommunis.de</a></p>								</div>
				</div>
					</div>
				</div>
				</div>

<p>Monah capucin.Începând cu anul 1638, marama se află în posesia monahilor capucini. „Veniţi de vedeţi!“ Blandina Paschalis Schlömer.Pictor iconograf german, cu studii în farmaceutică, sora Blandina, maică a ordinului trapist, distinge pe cele două ţesături asemănări la nivelul feţei. Prin intermediul unor puncte orientative, ea dezvoltă o tehnică de juxtapunere, numită Soprapostion, cu ajutorul căreia [&hellip;]</p>
